Last updated on 2024-05-06 00:02:50 CEST.
Flavor | Version | Tinstall | Tcheck | Ttotal | Status | Flags |
---|---|---|---|---|---|---|
r-devel-linux-x86_64-debian-clang | 1.2 | 115.57 | 26.80 | 142.37 | NOTE | |
r-devel-linux-x86_64-debian-gcc | 1.2 | 87.80 | 21.06 | 108.86 | NOTE | |
r-devel-linux-x86_64-fedora-clang | 1.2 | 222.62 | NOTE | |||
r-devel-linux-x86_64-fedora-gcc | 1.2 | 208.79 | NOTE | |||
r-devel-windows-x86_64 | 1.2 | 86.00 | 61.00 | 147.00 | NOTE | |
r-patched-linux-x86_64 | 1.2 | 115.98 | 25.68 | 141.66 | NOTE | |
r-release-linux-x86_64 | 1.2 | 105.08 | 26.67 | 131.75 | NOTE | |
r-release-macos-arm64 | 1.2 | 39.00 | NOTE | |||
r-release-windows-x86_64 | 1.2 | 88.00 | 63.00 | 151.00 | NOTE | |
r-oldrel-macos-arm64 | 1.2 | 49.00 | OK | |||
r-oldrel-macos-x86_64 | 1.2 | 78.00 | OK | |||
r-oldrel-windows-x86_64 | 1.2 | 109.00 | 67.00 | 176.00 | OK |
Version: 1.2
Check: Rd files
Result: NOTE
checkRd: (-1) MinimiseEPL.Rd:17: Lost braces in \itemize; meant \describe ?
checkRd: (-1) MinimiseEPL.Rd:18: Lost braces in \itemize; meant \describe ?
checkRd: (-1) MinimiseEPL.Rd:19: Lost braces in \itemize; meant \describe ?
checkRd: (-1) MinimiseEPL.Rd:20: Lost braces in \itemize; meant \describe ?
Flavors: r-devel-linux-x86_64-debian-clang, r-devel-linux-x86_64-debian-gcc, r-devel-linux-x86_64-fedora-clang, r-devel-linux-x86_64-fedora-gcc, r-devel-windows-x86_64, r-patched-linux-x86_64, r-release-linux-x86_64, r-release-macos-arm64, r-release-windows-x86_64