Last updated on 2024-05-06 00:02:58 CEST.
Flavor | Version | Tinstall | Tcheck | Ttotal | Status | Flags |
---|---|---|---|---|---|---|
r-devel-linux-x86_64-debian-clang | 1.3.2 | 3.44 | 40.59 | 44.03 | NOTE | |
r-devel-linux-x86_64-debian-gcc | 1.3.2 | 2.76 | 31.12 | 33.88 | NOTE | |
r-devel-linux-x86_64-fedora-clang | 1.3.2 | 56.51 | NOTE | |||
r-devel-linux-x86_64-fedora-gcc | 1.3.2 | 67.63 | NOTE | |||
r-devel-windows-x86_64 | 1.3.2 | 4.00 | 52.00 | 56.00 | NOTE | |
r-patched-linux-x86_64 | 1.3.2 | 5.32 | 39.32 | 44.64 | NOTE | |
r-release-linux-x86_64 | 1.3.2 | 3.65 | 39.09 | 42.74 | NOTE | |
r-release-macos-arm64 | 1.3.2 | 26.00 | NOTE | |||
r-release-windows-x86_64 | 1.3.2 | 5.00 | 53.00 | 58.00 | NOTE | |
r-oldrel-macos-arm64 | 1.3.2 | 26.00 | NOTE | |||
r-oldrel-macos-x86_64 | 1.3.2 | 33.00 | NOTE | |||
r-oldrel-windows-x86_64 | 1.3.2 | 4.00 | 54.00 | 58.00 | NOTE |
Version: 1.3.2
Check: LazyData
Result: NOTE
'LazyData' is specified without a 'data' directory
Flavors: r-devel-linux-x86_64-debian-clang, r-devel-linux-x86_64-debian-gcc, r-devel-linux-x86_64-fedora-clang, r-devel-linux-x86_64-fedora-gcc, r-devel-windows-x86_64, r-patched-linux-x86_64, r-release-linux-x86_64, r-release-macos-arm64, r-release-windows-x86_64, r-oldrel-macos-arm64, r-oldrel-macos-x86_64, r-oldrel-windows-x86_64