Last updated on 2024-05-06 00:03:02 CEST.
Flavor | Version | Tinstall | Tcheck | Ttotal | Status | Flags |
---|---|---|---|---|---|---|
r-devel-linux-x86_64-debian-clang | 0.16.0 | 3.59 | 43.93 | 47.52 | NOTE | |
r-devel-linux-x86_64-debian-gcc | 0.16.0 | 2.69 | 34.21 | 36.90 | NOTE | |
r-devel-linux-x86_64-fedora-clang | 0.16.0 | 61.14 | NOTE | |||
r-devel-linux-x86_64-fedora-gcc | 0.16.0 | 57.81 | NOTE | |||
r-devel-windows-x86_64 | 0.16.0 | 4.00 | 386.00 | 390.00 | NOTE | |
r-patched-linux-x86_64 | 0.16.0 | 2.98 | 42.06 | 45.04 | NOTE | |
r-release-linux-x86_64 | 0.16.0 | 2.81 | 43.44 | 46.25 | NOTE | |
r-release-macos-arm64 | 0.16.0 | 38.00 | NOTE | |||
r-release-windows-x86_64 | 0.16.0 | 4.00 | 475.00 | 479.00 | NOTE | |
r-oldrel-macos-arm64 | 0.16.0 | 40.00 | OK | |||
r-oldrel-macos-x86_64 | 0.16.0 | 47.00 | OK | |||
r-oldrel-windows-x86_64 | 0.16.0 | 5.00 | 194.00 | 199.00 | OK |
Version: 0.16.0
Check: Rd files
Result: NOTE
checkRd: (-1) R.cache-package.Rd:28-30: Lost braces in \itemize; meant \describe ?
checkRd: (-1) R.cache-package.Rd:31-34: Lost braces in \itemize; meant \describe ?
Flavors: r-devel-linux-x86_64-debian-clang, r-devel-linux-x86_64-debian-gcc, r-devel-linux-x86_64-fedora-clang, r-devel-linux-x86_64-fedora-gcc, r-devel-windows-x86_64, r-patched-linux-x86_64, r-release-linux-x86_64, r-release-macos-arm64, r-release-windows-x86_64