Last updated on 2024-05-06 00:02:44 CEST.
Flavor | Version | Tinstall | Tcheck | Ttotal | Status | Flags |
---|---|---|---|---|---|---|
r-devel-linux-x86_64-debian-clang | 0.1.2 | 21.31 | 102.98 | 124.29 | OK | |
r-devel-linux-x86_64-debian-gcc | 0.1.2 | 17.39 | 76.39 | 93.78 | OK | |
r-devel-linux-x86_64-fedora-clang | 0.1.2 | 167.22 | OK | |||
r-devel-linux-x86_64-fedora-gcc | 0.1.2 | 162.75 | OK | |||
r-devel-windows-x86_64 | 0.1.2 | 20.00 | 91.00 | 111.00 | OK | |
r-patched-linux-x86_64 | 0.1.2 | 20.44 | 98.82 | 119.26 | OK | |
r-release-linux-x86_64 | 0.1.2 | 21.21 | 95.54 | 116.75 | OK | |
r-release-macos-arm64 | 0.1.2 | 52.00 | OK | |||
r-release-windows-x86_64 | 0.1.2 | 19.00 | 94.00 | 113.00 | OK | |
r-oldrel-macos-arm64 | 0.1.2 | 51.00 | OK | |||
r-oldrel-macos-x86_64 | 0.1.2 | 83.00 | NOTE | |||
r-oldrel-windows-x86_64 | 0.1.2 | 26.00 | 111.00 | 137.00 | OK |
Version: 0.1.2
Check: package dependencies
Result: NOTE
Package suggested but not available for checking: ‘tidymodels’
Flavor: r-oldrel-macos-x86_64