Last updated on 2024-05-25 11:49:28 CEST.
Flavor | Version | Tinstall | Tcheck | Ttotal | Status | Flags |
---|---|---|---|---|---|---|
r-devel-linux-x86_64-debian-clang | 1.2.2 | 5.86 | 63.12 | 68.98 | OK | |
r-devel-linux-x86_64-debian-gcc | 1.2.2 | 4.26 | 42.88 | 47.14 | OK | |
r-devel-linux-x86_64-fedora-clang | 1.2.2 | 86.32 | NOTE | |||
r-devel-linux-x86_64-fedora-gcc | 1.2.2 | 77.65 | NOTE | |||
r-devel-windows-x86_64 | 1.2.2 | 7.00 | 68.00 | 75.00 | OK | |
r-patched-linux-x86_64 | 1.2.2 | 6.58 | 58.15 | 64.73 | OK | |
r-release-linux-x86_64 | 1.2.2 | 5.49 | 58.97 | 64.46 | OK | |
r-release-macos-arm64 | 1.2.2 | 28.00 | OK | |||
r-release-macos-x86_64 | 1.2.2 | 67.00 | OK | |||
r-release-windows-x86_64 | 1.2.2 | 7.00 | 66.00 | 73.00 | OK | |
r-oldrel-macos-arm64 | 1.2.2 | 30.00 | OK | |||
r-oldrel-macos-x86_64 | 1.2.2 | 48.00 | OK | |||
r-oldrel-windows-x86_64 | 1.2.2 | 8.00 | 73.00 | 81.00 | OK |
Version: 1.2.2
Check: dependencies in R code
Result: NOTE
Namespace in Imports field not imported from: ‘Rdpack’
All declared Imports should be used.
Flavors: r-devel-linux-x86_64-fedora-clang, r-devel-linux-x86_64-fedora-gcc