Last updated on 2024-05-06 00:02:45 CEST.
Flavor | Version | Tinstall | Tcheck | Ttotal | Status | Flags |
---|---|---|---|---|---|---|
r-devel-linux-x86_64-debian-clang | 0.8.11 | 93.23 | 36.71 | 129.94 | NOTE | |
r-devel-linux-x86_64-debian-gcc | 0.8.11 | 77.15 | 28.87 | 106.02 | NOTE | |
r-devel-linux-x86_64-fedora-clang | 0.8.11 | 182.85 | NOTE | |||
r-devel-linux-x86_64-fedora-gcc | 0.8.11 | 191.82 | NOTE | |||
r-devel-windows-x86_64 | 0.8.11 | 67.00 | 72.00 | 139.00 | NOTE | |
r-patched-linux-x86_64 | 0.8.11 | 98.82 | 37.27 | 136.09 | NOTE | |
r-release-linux-x86_64 | 0.8.11 | 92.00 | 35.53 | 127.53 | NOTE | |
r-release-macos-arm64 | 0.8.11 | 68.00 | NOTE | |||
r-release-windows-x86_64 | 0.8.11 | 70.00 | 72.00 | 142.00 | NOTE | |
r-oldrel-macos-arm64 | 0.8.11 | 78.00 | NOTE | |||
r-oldrel-macos-x86_64 | 0.8.11 | 130.00 | NOTE | |||
r-oldrel-windows-x86_64 | 0.8.11 | 69.00 | 80.00 | 149.00 | NOTE |
Version: 0.8.11
Check: C++ specification
Result: NOTE
Specified C++11: please drop specification unless essential
Flavors: r-devel-linux-x86_64-debian-clang, r-devel-linux-x86_64-debian-gcc, r-devel-linux-x86_64-fedora-clang, r-devel-linux-x86_64-fedora-gcc, r-devel-windows-x86_64, r-patched-linux-x86_64, r-release-linux-x86_64, r-release-macos-arm64, r-release-windows-x86_64, r-oldrel-macos-arm64, r-oldrel-macos-x86_64, r-oldrel-windows-x86_64
Version: 0.8.11
Check: for GNU extensions in Makefiles
Result: NOTE
GNU make is a SystemRequirements.
Flavors: r-devel-linux-x86_64-debian-clang, r-devel-linux-x86_64-debian-gcc, r-devel-linux-x86_64-fedora-clang, r-devel-linux-x86_64-fedora-gcc, r-devel-windows-x86_64, r-patched-linux-x86_64, r-release-linux-x86_64, r-release-macos-arm64, r-release-windows-x86_64, r-oldrel-macos-arm64, r-oldrel-macos-x86_64, r-oldrel-windows-x86_64
Version: 0.8.11
Check: installed package size
Result: NOTE
installed size is 5.1Mb
sub-directories of 1Mb or more:
libs 4.6Mb
Flavors: r-oldrel-macos-arm64, r-oldrel-macos-x86_64