Last updated on 2024-05-06 00:02:45 CEST.
Flavor | Version | Tinstall | Tcheck | Ttotal | Status | Flags |
---|---|---|---|---|---|---|
r-devel-linux-x86_64-debian-clang | 1.0.1 | 6.48 | 168.19 | 174.67 | OK | |
r-devel-linux-x86_64-debian-gcc | 1.0.1 | 4.63 | 121.08 | 125.71 | OK | |
r-devel-linux-x86_64-fedora-clang | 1.0.1 | 210.18 | OK | |||
r-devel-linux-x86_64-fedora-gcc | 1.0.1 | 211.99 | OK | |||
r-devel-windows-x86_64 | 1.0.1 | 7.00 | 123.00 | 130.00 | OK | |
r-patched-linux-x86_64 | 1.0.1 | 4.90 | 158.13 | 163.03 | OK | |
r-release-linux-x86_64 | 1.0.1 | 4.62 | 156.57 | 161.19 | OK | |
r-release-macos-arm64 | 1.0.1 | 64.00 | ERROR | |||
r-release-windows-x86_64 | 1.0.1 | 7.00 | 127.00 | 134.00 | OK | |
r-oldrel-macos-arm64 | 1.0.1 | 67.00 | ERROR | |||
r-oldrel-macos-x86_64 | 1.0.1 | 132.00 | ERROR | |||
r-oldrel-windows-x86_64 | 1.0.1 | 7.00 | 164.00 | 171.00 | OK |
Version: 1.0.1
Check: tests
Result: ERROR
Running ‘testthat.R’ [4s/4s]
Running the tests in ‘tests/testthat.R’ failed.
Last 13 lines of output:
realized_duration(...) not equal to c(...).
1/4 mismatches
[1] 29 - 28 == 1
── Failure ('test-realized_duration.R:158:2'): realized_duration works (realized_only = TRUE) ──
realized_duration(...) not equal to c(...).
1/4 mismatches
[2] 29 - 28 == 1
── Failure ('test-realized_duration.R:161:2'): realized_duration works (realized_only = TRUE) ──
realized_duration(...) not equal to c(...).
1/4 mismatches
[1] 29 - 28 == 1
[ FAIL 36 | WARN 0 | SKIP 0 | PASS 331 ]
Error: Test failures
Execution halted
Flavors: r-release-macos-arm64, r-oldrel-macos-arm64
Version: 1.0.1
Check: tests
Result: ERROR
Running ‘testthat.R’ [6s/9s]
Running the tests in ‘tests/testthat.R’ failed.
Last 13 lines of output:
realized_duration(...) not equal to c(...).
1/4 mismatches
[1] 31 - 28 == 3
── Failure ('test-realized_duration.R:158:2'): realized_duration works (realized_only = TRUE) ──
realized_duration(...) not equal to c(...).
1/4 mismatches
[2] 31 - 28 == 3
── Failure ('test-realized_duration.R:161:2'): realized_duration works (realized_only = TRUE) ──
realized_duration(...) not equal to c(...).
1/4 mismatches
[1] 31 - 28 == 3
[ FAIL 36 | WARN 0 | SKIP 0 | PASS 331 ]
Error: Test failures
Execution halted
Flavor: r-oldrel-macos-x86_64