Last updated on 2024-05-06 00:02:47 CEST.
Flavor | Version | Tinstall | Tcheck | Ttotal | Status | Flags |
---|---|---|---|---|---|---|
r-devel-linux-x86_64-debian-clang | 4.1.0 | 10.98 | 300.70 | 311.68 | NOTE | |
r-devel-linux-x86_64-debian-gcc | 4.1.0 | 11.48 | 353.46 | 364.94 | NOTE | |
r-devel-linux-x86_64-fedora-clang | 4.1.0 | 567.38 | NOTE | |||
r-devel-linux-x86_64-fedora-gcc | 4.1.0 | 324.35 | NOTE | |||
r-devel-windows-x86_64 | 4.1.0 | 15.00 | 396.00 | 411.00 | NOTE | |
r-patched-linux-x86_64 | 4.1.0 | 22.44 | 336.61 | 359.05 | NOTE | |
r-release-linux-x86_64 | 4.1.0 | 11.35 | 336.74 | 348.09 | NOTE | |
r-release-macos-arm64 | 4.1.0 | 209.00 | NOTE | |||
r-release-windows-x86_64 | 4.1.0 | 16.00 | 310.00 | 326.00 | NOTE | |
r-oldrel-macos-arm64 | 4.1.0 | 239.00 | OK | |||
r-oldrel-macos-x86_64 | 4.1.0 | 314.00 | OK | |||
r-oldrel-windows-x86_64 | 4.1.0 | 21.00 | 320.00 | 341.00 | OK |
Version: 4.1.0
Check: Rd files
Result: NOTE
checkRd: (-1) ergm.rank-package.Rd:42: Lost braces
42 | 1100-1128. c("\\Sexpr[results=rd,stage=build]{tools:::Rd_expr_doi(\"#1\")}",
| ^
Flavors: r-devel-linux-x86_64-debian-clang, r-devel-linux-x86_64-debian-gcc, r-devel-linux-x86_64-fedora-clang, r-devel-linux-x86_64-fedora-gcc, r-devel-windows-x86_64, r-patched-linux-x86_64, r-release-linux-x86_64, r-release-macos-arm64, r-release-windows-x86_64