Last updated on 2024-05-06 00:02:54 CEST.
Flavor | Version | Tinstall | Tcheck | Ttotal | Status | Flags |
---|---|---|---|---|---|---|
r-devel-linux-x86_64-debian-clang | 1.0.2 | 7.51 | 70.66 | 78.17 | NOTE | |
r-devel-linux-x86_64-debian-gcc | 1.0.2 | 5.49 | 53.98 | 59.47 | NOTE | |
r-devel-linux-x86_64-fedora-clang | 1.0.2 | 103.74 | NOTE | |||
r-devel-linux-x86_64-fedora-gcc | 1.0.2 | 106.50 | NOTE | |||
r-devel-windows-x86_64 | 1.0.2 | 7.00 | 80.00 | 87.00 | NOTE | |
r-patched-linux-x86_64 | 1.0.2 | 12.42 | 67.83 | 80.25 | NOTE | |
r-release-linux-x86_64 | 1.0.2 | 7.06 | 67.49 | 74.55 | NOTE | |
r-release-macos-arm64 | 1.0.2 | 40.00 | NOTE | |||
r-release-windows-x86_64 | 1.0.2 | 8.00 | 81.00 | 89.00 | NOTE | |
r-oldrel-macos-arm64 | 1.0.2 | 44.00 | NOTE | |||
r-oldrel-macos-x86_64 | 1.0.2 | 64.00 | NOTE | |||
r-oldrel-windows-x86_64 | 1.0.2 | 9.00 | 87.00 | 96.00 | NOTE |
Version: 1.0.2
Check: LazyData
Result: NOTE
'LazyData' is specified without a 'data' directory
Flavors: r-devel-linux-x86_64-debian-clang, r-devel-linux-x86_64-debian-gcc, r-devel-linux-x86_64-fedora-clang, r-devel-linux-x86_64-fedora-gcc, r-devel-windows-x86_64, r-patched-linux-x86_64, r-release-linux-x86_64, r-release-macos-arm64, r-release-windows-x86_64, r-oldrel-macos-arm64, r-oldrel-macos-x86_64, r-oldrel-windows-x86_64
Version: 1.0.2
Check: Rd cross-references
Result: NOTE
Undeclared package ‘tm’ in Rd xrefs
Flavor: r-devel-linux-x86_64-fedora-clang