Last updated on 2024-05-06 00:02:56 CEST.
Flavor | Version | Tinstall | Tcheck | Ttotal | Status | Flags |
---|---|---|---|---|---|---|
r-devel-linux-x86_64-debian-clang | 0.2.7 | 38.65 | 81.41 | 120.06 | NOTE | |
r-devel-linux-x86_64-debian-gcc | 0.2.7 | 30.94 | 63.55 | 94.49 | NOTE | |
r-devel-linux-x86_64-fedora-clang | 0.2.7 | 162.55 | NOTE | |||
r-devel-linux-x86_64-fedora-gcc | 0.2.7 | 155.32 | NOTE | |||
r-devel-windows-x86_64 | 0.2.7 | 39.00 | 88.00 | 127.00 | NOTE | |
r-patched-linux-x86_64 | 0.2.7 | 36.78 | 79.08 | 115.86 | NOTE | |
r-release-linux-x86_64 | 0.2.7 | 30.55 | 80.36 | 110.91 | NOTE | |
r-release-macos-arm64 | 0.2.7 | 59.00 | NOTE | |||
r-release-windows-x86_64 | 0.2.7 | 38.00 | 89.00 | 127.00 | NOTE | |
r-oldrel-macos-arm64 | 0.2.7 | 61.00 | NOTE | |||
r-oldrel-macos-x86_64 | 0.2.7 | 97.00 | NOTE | |||
r-oldrel-windows-x86_64 | 0.2.7 | 50.00 | 100.00 | 150.00 | OK |
Version: 0.2.7
Check: Rd files
Result: NOTE
checkRd: (-1) Elections.Rd:8: Lost braces
8 | An object of class \\code{tbl_df} (inherits from \\code{tbl}, \\code{data.frame})
| ^
checkRd: (-1) Elections.Rd:8: Lost braces
8 | An object of class \\code{tbl_df} (inherits from \\code{tbl}, \\code{data.frame})
| ^
checkRd: (-1) Elections.Rd:8: Lost braces
8 | An object of class \\code{tbl_df} (inherits from \\code{tbl}, \\code{data.frame})
| ^
checkRd: (-1) Violations.Rd:39-45: Lost braces
39 | {
| ^
Flavors: r-devel-linux-x86_64-debian-clang, r-devel-linux-x86_64-debian-gcc, r-devel-linux-x86_64-fedora-clang, r-devel-linux-x86_64-fedora-gcc, r-devel-windows-x86_64, r-patched-linux-x86_64, r-release-linux-x86_64, r-release-macos-arm64, r-release-windows-x86_64
Version: 0.2.7
Check: data for non-ASCII characters
Result: NOTE
Note: found 2866 marked UTF-8 strings
Flavors: r-devel-linux-x86_64-fedora-clang, r-devel-linux-x86_64-fedora-gcc
Version: 0.2.7
Check: installed package size
Result: NOTE
installed size is 5.4Mb
sub-directories of 1Mb or more:
data 5.1Mb
Flavors: r-release-macos-arm64, r-oldrel-macos-arm64, r-oldrel-macos-x86_64