Last updated on 2024-05-06 00:02:56 CEST.
Flavor | Version | Tinstall | Tcheck | Ttotal | Status | Flags |
---|---|---|---|---|---|---|
r-devel-linux-x86_64-debian-clang | 0.8.2 | 121.62 | 93.42 | 215.04 | NOTE | |
r-devel-linux-x86_64-debian-gcc | 0.8.2 | 99.13 | 67.35 | 166.48 | NOTE | |
r-devel-linux-x86_64-fedora-clang | 0.8.2 | 307.98 | NOTE | |||
r-devel-linux-x86_64-fedora-gcc | 0.8.2 | 308.96 | NOTE | |||
r-devel-windows-x86_64 | 0.8.2 | 92.00 | 103.00 | 195.00 | NOTE | |
r-patched-linux-x86_64 | 0.8.2 | 120.68 | 85.78 | 206.46 | NOTE | |
r-release-linux-x86_64 | 0.8.2 | 112.66 | 88.42 | 201.08 | NOTE | |
r-release-macos-arm64 | 0.8.2 | 65.00 | NOTE | |||
r-release-windows-x86_64 | 0.8.2 | 96.00 | 106.00 | 202.00 | NOTE | |
r-oldrel-macos-arm64 | 0.8.2 | 73.00 | NOTE | |||
r-oldrel-macos-x86_64 | 0.8.2 | 135.00 | NOTE | |||
r-oldrel-windows-x86_64 | 0.8.2 | 116.00 | 128.00 | 244.00 | NOTE |
Version: 0.8.2
Check: C++ specification
Result: NOTE
Specified C++11: please drop specification unless essential
Flavors: r-devel-linux-x86_64-debian-clang, r-devel-linux-x86_64-debian-gcc, r-devel-linux-x86_64-fedora-clang, r-devel-linux-x86_64-fedora-gcc, r-devel-windows-x86_64, r-patched-linux-x86_64, r-release-linux-x86_64, r-release-macos-arm64, r-release-windows-x86_64, r-oldrel-macos-arm64, r-oldrel-macos-x86_64, r-oldrel-windows-x86_64
Version: 0.8.2
Check: Rd files
Result: NOTE
checkRd: (-1) VIF.Rd:47: Lost braces; missing escapes or markup?
47 | vif_corrected = vif_basic^{(1/(2*df))}
| ^
Flavors: r-devel-linux-x86_64-debian-clang, r-devel-linux-x86_64-debian-gcc, r-devel-linux-x86_64-fedora-clang, r-devel-linux-x86_64-fedora-gcc, r-devel-windows-x86_64, r-patched-linux-x86_64, r-release-linux-x86_64, r-release-macos-arm64, r-release-windows-x86_64
Version: 0.8.2
Check: installed package size
Result: NOTE
installed size is 9.1Mb
sub-directories of 1Mb or more:
libs 8.0Mb
Flavors: r-release-macos-arm64, r-oldrel-macos-arm64, r-oldrel-macos-x86_64