Last updated on 2024-05-06 00:02:57 CEST.
Flavor | Version | Tinstall | Tcheck | Ttotal | Status | Flags |
---|---|---|---|---|---|---|
r-devel-linux-x86_64-debian-clang | 0.2.2 | 46.99 | 37.62 | 84.61 | OK | |
r-devel-linux-x86_64-debian-gcc | 0.2.2 | 30.87 | 29.12 | 59.99 | OK | |
r-devel-linux-x86_64-fedora-clang | 0.2.2 | 119.59 | OK | |||
r-devel-linux-x86_64-fedora-gcc | 0.2.2 | 109.30 | OK | |||
r-devel-windows-x86_64 | 0.2.2 | 34.00 | 76.00 | 110.00 | OK | |
r-patched-linux-x86_64 | 0.2.2 | 39.99 | 36.57 | 76.56 | OK | |
r-release-linux-x86_64 | 0.2.2 | 41.17 | 35.67 | 76.84 | OK | |
r-release-macos-arm64 | 0.2.2 | 29.00 | OK | |||
r-release-windows-x86_64 | 0.2.2 | 36.00 | 71.00 | 107.00 | OK | |
r-oldrel-macos-arm64 | 0.2.2 | 32.00 | OK | |||
r-oldrel-macos-x86_64 | 0.2.2 | 48.00 | NOTE | |||
r-oldrel-windows-x86_64 | 0.2.2 | 45.00 | 83.00 | 128.00 | OK |
Version: 0.2.2
Check: package dependencies
Result: NOTE
Package suggested but not available for checking: ‘statnet’
Flavor: r-oldrel-macos-x86_64