Last updated on 2024-05-06 00:03:08 CEST.
Flavor | Version | Tinstall | Tcheck | Ttotal | Status | Flags |
---|---|---|---|---|---|---|
r-devel-linux-x86_64-debian-clang | 3.2-9 | 75.48 | 430.33 | 505.81 | OK | |
r-devel-linux-x86_64-debian-gcc | 3.2-9 | 58.96 | 306.72 | 365.68 | OK | |
r-devel-linux-x86_64-fedora-clang | 3.2-9 | 612.72 | OK | |||
r-devel-linux-x86_64-fedora-gcc | 3.2-9 | 576.92 | OK | |||
r-devel-windows-x86_64 | 3.2-9 | 75.00 | 438.00 | 513.00 | OK | |
r-patched-linux-x86_64 | 3.2-9 | 94.39 | 409.09 | 503.48 | OK | |
r-release-linux-x86_64 | 3.2-9 | 71.92 | 390.32 | 462.24 | OK | |
r-release-macos-arm64 | 3.2-9 | 134.00 | NOTE | |||
r-release-macos-x86_64 | 3.2-9 | 402.00 | NOTE | |||
r-release-windows-x86_64 | 3.2-9 | 79.00 | 437.00 | 516.00 | OK | |
r-oldrel-macos-arm64 | 3.2-9 | 146.00 | OK | |||
r-oldrel-macos-x86_64 | 3.2-9 | 370.00 | NOTE | |||
r-oldrel-windows-x86_64 | 3.2-9 | 95.00 | 549.00 | 644.00 | OK |
Version: 3.2-9
Check: installed package size
Result: NOTE
installed size is 5.2Mb
sub-directories of 1Mb or more:
R 2.1Mb
help 1.9Mb
Flavors: r-release-macos-arm64, r-release-macos-x86_64, r-oldrel-macos-x86_64