Last updated on 2024-05-27 00:56:57 CEST.
Flavor | Version | Tinstall | Tcheck | Ttotal | Status | Flags |
---|---|---|---|---|---|---|
r-devel-linux-x86_64-debian-clang | 1.0-5 | 13.47 | 115.45 | 128.92 | NOTE | |
r-devel-linux-x86_64-debian-gcc | 1.0-5 | 10.20 | 83.83 | 94.03 | NOTE | |
r-devel-linux-x86_64-fedora-clang | 1.0-5 | 157.46 | NOTE | |||
r-devel-linux-x86_64-fedora-gcc | 1.0-5 | 145.81 | NOTE | |||
r-devel-windows-x86_64 | 1.0-5 | 11.00 | 92.00 | 103.00 | NOTE | |
r-patched-linux-x86_64 | 1.0-5 | 11.76 | 107.68 | 119.44 | NOTE | |
r-release-linux-x86_64 | 1.0-5 | 7.82 | 109.95 | 117.77 | NOTE | |
r-release-macos-arm64 | 1.0-5 | 41.00 | NOTE | |||
r-release-windows-x86_64 | 1.0-5 | 12.00 | 94.00 | 106.00 | NOTE | |
r-oldrel-macos-arm64 | 1.0-5 | 50.00 | NOTE | |||
r-oldrel-macos-x86_64 | 1.0-5 | 78.00 | NOTE | |||
r-oldrel-windows-x86_64 | 1.0-5 | 14.00 | 118.00 | 132.00 | NOTE |
Version: 1.0-5
Check: LazyData
Result: NOTE
'LazyData' is specified without a 'data' directory
Flavors: r-devel-linux-x86_64-debian-clang, r-devel-linux-x86_64-debian-gcc, r-devel-linux-x86_64-fedora-clang, r-devel-linux-x86_64-fedora-gcc, r-devel-windows-x86_64, r-patched-linux-x86_64, r-release-linux-x86_64, r-release-macos-arm64, r-release-windows-x86_64, r-oldrel-macos-arm64, r-oldrel-macos-x86_64, r-oldrel-windows-x86_64