CRAN Package Check Results for Package ACDm

Last updated on 2024-02-29 00:00:24 CET.

Flavor Version Tinstall Tcheck Ttotal Status Flags
r-devel-linux-x86_64-debian-clang 1.0.4.3 18.03 91.80 109.83 OK
r-devel-linux-x86_64-debian-gcc 1.0.4.3 12.91 69.69 82.60 OK
r-devel-linux-x86_64-fedora-clang 1.0.4.3 138.54 NOTE
r-devel-linux-x86_64-fedora-gcc 1.0.4.3 145.75 NOTE
r-devel-windows-x86_64 1.0.4.2 21.00 95.00 116.00 NOTE
r-patched-linux-x86_64 1.0.4.3 25.77 92.96 118.73 OK
r-release-linux-x86_64 1.0.4.3 16.08 90.56 106.64 OK
r-release-macos-arm64 1.0.4.3 49.00 OK
r-release-macos-x86_64 1.0.4.3 97.00 OK
r-release-windows-x86_64 1.0.4.3 29.00 117.00 146.00 OK
r-oldrel-macos-arm64 1.0.4.3 51.00 OK
r-oldrel-windows-x86_64 1.0.4.3 26.00 127.00 153.00 OK

Check Details

Version: 1.0.4.3
Check: compiled code
Result: NOTE File ‘ACDm/libs/ACDm.so’: Found no calls to: ‘R_registerRoutines’, ‘R_useDynamicSymbols’ It is good practice to register native routines and to disable symbol search. See ‘Writing portable packages’ in the ‘Writing R Extensions’ manual. Flavors: r-devel-linux-x86_64-fedora-clang, r-devel-linux-x86_64-fedora-gcc

Version: 1.0.4.2
Check: Rd contents
Result: NOTE Argument items with no description in Rd file 'testRmACD.Rd': 'pStar' Flavor: r-devel-windows-x86_64