CRAN Package Check Results for Package ACDm

Last updated on 2023-03-21 11:53:41 CET.

Flavor Version Tinstall Tcheck Ttotal Status Flags
r-devel-linux-x86_64-debian-clang 1.0.4.2 18.16 96.38 114.54 OK
r-devel-linux-x86_64-debian-gcc 1.0.4.2 15.63 71.89 87.52 OK
r-devel-linux-x86_64-fedora-clang 1.0.4.2 144.47 NOTE
r-devel-linux-x86_64-fedora-gcc 1.0.4.2 143.61 NOTE
r-devel-windows-x86_64 1.0.4.2 68.00 141.00 209.00 OK
r-patched-linux-x86_64 1.0.4.2 20.98 88.62 109.60 OK
r-release-linux-x86_64 1.0.4.2 16.55 90.12 106.67 OK
r-release-macos-arm64 1.0.4.2 66.00 OK
r-release-macos-x86_64 1.0.4.2 67.00 OK
r-release-windows-x86_64 1.0.4.2 51.00 138.00 189.00 OK
r-oldrel-macos-arm64 1.0.4.2 59.00 OK
r-oldrel-macos-x86_64 1.0.4.2 68.00 OK
r-oldrel-windows-ix86+x86_64 1.0.4.2 42.00 189.00 231.00 OK

Check Details

Version: 1.0.4.2
Check: compiled code
Result: NOTE
    File ‘ACDm/libs/ACDm.so’:
     Found no calls to: ‘R_registerRoutines’, ‘R_useDynamicSymbols’
    
    It is good practice to register native routines and to disable symbol
    search.
    
    See ‘Writing portable packages’ in the ‘Writing R Extensions’ manual.
Flavors: r-devel-linux-x86_64-fedora-clang, r-devel-linux-x86_64-fedora-gcc