CRAN Package Check Results for Package ACEsearch

Last updated on 2021-01-17 11:49:14 CET.

Flavor Version Tinstall Tcheck Ttotal Status Flags
r-devel-linux-x86_64-debian-clang 1.0.0 1.83 21.41 23.24 OK
r-devel-linux-x86_64-debian-gcc 1.0.0 1.63 17.45 19.08 OK
r-devel-linux-x86_64-fedora-clang 1.0.0 39.68 NOTE
r-devel-linux-x86_64-fedora-gcc 1.0.0 30.53 NOTE
r-devel-windows-ix86+x86_64 1.0.0 6.00 35.00 41.00 OK
r-patched-linux-x86_64 1.0.0 2.09 20.80 22.89 OK
r-patched-solaris-x86 1.0.0 44.80 NOTE
r-release-linux-x86_64 1.0.0 2.03 20.91 22.94 OK
r-release-macos-x86_64 1.0.0 NOTE
r-release-windows-ix86+x86_64 1.0.0 5.00 32.00 37.00 OK
r-oldrel-macos-x86_64 1.0.0 NOTE
r-oldrel-windows-ix86+x86_64 1.0.0 4.00 29.00 33.00 OK

Check Details

Version: 1.0.0
Check: dependencies in R code
Result: NOTE
    Namespace in Imports field not imported from: ‘testthat’
     All declared Imports should be used.
Flavors: r-devel-linux-x86_64-fedora-clang, r-devel-linux-x86_64-fedora-gcc, r-patched-solaris-x86, r-release-macos-x86_64, r-oldrel-macos-x86_64