CRAN Package Check Results for Package ACTCD

Last updated on 2021-06-25 05:51:41 CEST.

Flavor Version Tinstall Tcheck Ttotal Status Flags
r-devel-linux-x86_64-debian-clang 1.2-0 9.81 87.93 97.74 OK
r-devel-linux-x86_64-debian-gcc 1.2-0 9.39 68.41 77.80 OK
r-devel-linux-x86_64-fedora-clang 1.2-0 128.52 OK
r-devel-linux-x86_64-fedora-gcc 1.2-0 122.50 OK
r-devel-windows-x86_64 1.2-0 17.00 80.00 97.00 OK
r-devel-windows-x86_64-gcc10-UCRT 1.2-0 OK
r-patched-linux-x86_64 1.2-0 11.50 82.40 93.90 OK
r-patched-solaris-x86 1.2-0 199.70 OK
r-release-linux-x86_64 1.2-0 11.10 84.08 95.18 OK
r-release-macos-arm64 1.2-0 FAIL
r-release-macos-x86_64 1.2-0 OK
r-release-windows-ix86+x86_64 1.2-0 19.00 115.00 134.00 OK
r-oldrel-macos-x86_64 1.2-0 OK
r-oldrel-windows-ix86+x86_64 1.2-0 26.00 111.00 137.00 OK

Check Details

Version: 1.2-0
Check: whether the namespace can be unloaded cleanly
Result: FAIL
Flavor: r-release-macos-arm64