CRAN Package Check Results for Package ADMMnet

Last updated on 2021-06-25 11:52:19 CEST.

Flavor Version Tinstall Tcheck Ttotal Status Flags
r-devel-linux-x86_64-debian-clang 0.1.1 46.82 70.23 117.05 OK
r-devel-linux-x86_64-debian-gcc 0.1.1 33.52 53.81 87.33 OK
r-devel-linux-x86_64-fedora-clang 0.1.1 159.10 NOTE
r-devel-linux-x86_64-fedora-gcc 0.1.1 143.94 NOTE
r-devel-windows-x86_64 0.1.1 52.00 72.00 124.00 OK
r-devel-windows-x86_64-gcc10-UCRT 0.1.1 OK
r-patched-linux-x86_64 0.1.1 41.35 67.96 109.31 OK
r-patched-solaris-x86 0.1.1 164.90 OK
r-release-linux-x86_64 0.1.1 35.43 67.45 102.88 OK
r-release-macos-arm64 0.1.1 NOTE
r-release-macos-x86_64 0.1.1 NOTE
r-release-windows-ix86+x86_64 0.1.1 70.00 121.00 191.00 OK
r-oldrel-macos-x86_64 0.1.1 NOTE
r-oldrel-windows-ix86+x86_64 0.1.1 95.00 123.00 218.00 OK

Check Details

Version: 0.1.1
Check: installed package size
Result: NOTE
     installed size is 5.9Mb
     sub-directories of 1Mb or more:
     libs 5.7Mb
Flavors: r-devel-linux-x86_64-fedora-clang, r-release-macos-arm64, r-release-macos-x86_64, r-oldrel-macos-x86_64

Version: 0.1.1
Check: compiled code
Result: NOTE
    File ‘ADMMnet/libs/ADMMnet.so’:
     Found no calls to: ‘R_registerRoutines’, ‘R_useDynamicSymbols’
    
    It is good practice to register native routines and to disable symbol
    search.
    
    See ‘Writing portable packages’ in the ‘Writing R Extensions’ manual.
Flavors: r-devel-linux-x86_64-fedora-clang, r-devel-linux-x86_64-fedora-gcc