CRAN Package Check Results for Package ADMMsigma

Last updated on 2021-06-25 11:52:19 CEST.

Flavor Version Tinstall Tcheck Ttotal Status Flags
r-devel-linux-x86_64-debian-clang 2.1 75.99 67.37 143.36 NOTE
r-devel-linux-x86_64-debian-gcc 2.1 55.53 50.06 105.59 NOTE
r-devel-linux-x86_64-fedora-clang 2.1 205.29 NOTE
r-devel-linux-x86_64-fedora-gcc 2.1 185.55 NOTE
r-devel-windows-x86_64 2.1 100.00 120.00 220.00 NOTE
r-devel-windows-x86_64-gcc10-UCRT 2.1 NOTE
r-patched-linux-x86_64 2.1 64.57 61.41 125.98 NOTE
r-patched-solaris-x86 2.1 225.30 NOTE
r-release-linux-x86_64 2.1 67.12 62.16 129.28 NOTE
r-release-macos-arm64 2.1 NOTE
r-release-macos-x86_64 2.1 NOTE
r-release-windows-ix86+x86_64 2.1 149.00 118.00 267.00 NOTE
r-oldrel-macos-x86_64 2.1 OK
r-oldrel-windows-ix86+x86_64 2.1 190.00 129.00 319.00 OK

Check Details

Version: 2.1
Check: LazyData
Result: NOTE
     'LazyData' is specified without a 'data' directory
Flavors: r-devel-linux-x86_64-debian-clang, r-devel-linux-x86_64-debian-gcc, r-devel-linux-x86_64-fedora-clang, r-devel-linux-x86_64-fedora-gcc, r-devel-windows-x86_64, r-devel-windows-x86_64-gcc10-UCRT, r-patched-linux-x86_64, r-patched-solaris-x86, r-release-linux-x86_64, r-release-macos-arm64, r-release-macos-x86_64, r-release-windows-ix86+x86_64