CRAN Package Check Results for Package AGread

Last updated on 2021-06-15 23:51:08 CEST.

Flavor Version Tinstall Tcheck Ttotal Status Flags
r-devel-linux-x86_64-debian-clang 1.1.1 117.86 61.49 179.35 OK
r-devel-linux-x86_64-debian-gcc 1.1.1 74.14 46.92 121.06 OK
r-devel-linux-x86_64-fedora-clang 1.1.1 268.62 NOTE
r-devel-linux-x86_64-fedora-gcc 1.1.1 225.48 OK
r-devel-windows-x86_64 1.1.1 139.00 97.00 236.00 OK
r-devel-windows-x86_64-gcc10-UCRT 1.1.1 OK
r-patched-linux-x86_64 1.1.1 92.91 61.81 154.72 OK
r-patched-solaris-x86 1.1.1 211.30 OK
r-release-linux-x86_64 1.1.1 89.56 59.32 148.88 OK
r-release-macos-arm64 1.1.1 NOTE
r-release-macos-x86_64 1.1.1 OK
r-release-windows-ix86+x86_64 1.1.1 256.00 130.00 386.00 OK
r-oldrel-macos-x86_64 1.1.1 OK
r-oldrel-windows-ix86+x86_64 1.1.1 264.00 143.00 407.00 OK

Additional issues

clang-UBSAN

Check Details

Version: 1.1.1
Check: installed package size
Result: NOTE
     installed size is 5.1Mb
     sub-directories of 1Mb or more:
     libs 3.6Mb
Flavors: r-devel-linux-x86_64-fedora-clang, r-release-macos-arm64