Last updated on 2023-03-29 11:52:08 CEST.
Flavor | Version | Tinstall | Tcheck | Ttotal | Status | Flags |
---|---|---|---|---|---|---|
r-devel-linux-x86_64-debian-clang | 0.6.3.2 | 5.12 | 68.16 | 73.28 | OK | |
r-devel-linux-x86_64-debian-gcc | 0.6.3.2 | 5.25 | 52.80 | 58.05 | OK | |
r-devel-linux-x86_64-fedora-clang | 0.6.3.2 | 91.57 | NOTE | |||
r-devel-linux-x86_64-fedora-gcc | 0.6.3.2 | 98.48 | NOTE | |||
r-devel-windows-x86_64 | 0.6.3.2 | 17.00 | 111.00 | 128.00 | OK | |
r-patched-linux-x86_64 | 0.6.3.2 | 10.22 | 68.25 | 78.47 | OK | |
r-release-linux-x86_64 | 0.6.3.2 | 5.92 | 65.43 | 71.35 | OK | |
r-release-macos-arm64 | 0.6.3.2 | 31.00 | NOTE | |||
r-release-macos-x86_64 | 0.6.3.2 | 61.00 | NOTE | |||
r-release-windows-x86_64 | 0.6.3.2 | 24.00 | 125.00 | 149.00 | OK | |
r-oldrel-macos-arm64 | 0.6.3.2 | 50.00 | NOTE | |||
r-oldrel-macos-x86_64 | 0.6.3.2 | 39.00 | NOTE | |||
r-oldrel-windows-ix86+x86_64 | 0.6.3.2 | 13.00 | 118.00 | 131.00 | OK |
Version: 0.6.3.2
Check: dependencies in R code
Result: NOTE
Namespaces in Imports field not imported from:
‘Rsolnp’ ‘SuperLearner’ ‘future.apply’ ‘ggplot2’ ‘progressr’ ‘stats’
‘utils’
All declared Imports should be used.
Flavors: r-devel-linux-x86_64-fedora-clang, r-devel-linux-x86_64-fedora-gcc, r-release-macos-arm64, r-release-macos-x86_64, r-oldrel-macos-arm64, r-oldrel-macos-x86_64