CRAN Package Check Results for Package ALA4R

Last updated on 2021-06-15 23:51:08 CEST.

Flavor Version Tinstall Tcheck Ttotal Status Flags
r-devel-linux-x86_64-debian-clang 1.9.0 7.24 81.08 88.32 OK
r-devel-linux-x86_64-debian-gcc 1.9.0 6.52 63.17 69.69 OK
r-devel-linux-x86_64-fedora-clang 1.9.0 112.19 OK
r-devel-linux-x86_64-fedora-gcc 1.9.0 105.86 OK
r-devel-windows-x86_64 1.9.0 12.00 141.00 153.00 ERROR
r-devel-windows-x86_64-gcc10-UCRT 1.9.0 OK
r-patched-linux-x86_64 1.9.0 8.51 79.05 87.56 OK
r-patched-solaris-x86 1.9.0 176.90 OK
r-release-linux-x86_64 1.9.0 7.40 67.76 75.16 ERROR
r-release-macos-arm64 1.9.0 OK
r-release-macos-x86_64 1.9.0 OK
r-release-windows-ix86+x86_64 1.9.0 15.00 251.00 266.00 OK
r-oldrel-macos-x86_64 1.9.0 OK
r-oldrel-windows-ix86+x86_64 1.9.0 10.00 252.00 262.00 OK

Check Details

Version: 1.9.0
Check: tests
Result: ERROR
     Running 'testthat.R' [45s]
    Running the tests in 'tests/testthat.R' failed.
    Complete output:
     > library(testthat)
     > library(ALA4R)
     >
     > ## run each test with and without caching
     > check_caching <- function(f) {
     + ala_config(caching = "off")
     + f()
     + ala_config(caching = "on")
     + f()
     + f()
     + }
     >
     > test_check("ALA4R")
     == Skipped tests ===============================================================
     * On CRAN (216)
     * skipping really slow field_info test (3)
    
     == Failed tests ================================================================
     -- Error (test-occurrences.R:33:9): occurrences summary gives something sensible --
     Error: HTTP status code 500 received.
     Either there was an error with the
     request, or the servers may be down
     (try again later). If this problem persists please notify the ALA4R
     maintainers by lodging an issue at
     https://github.com/AtlasOfLivingAustralia/ALA4R/issues/
     or emailing support@ala.org.au
     Backtrace:
     x
     1. \-ALA4R::occurrences(...) test-occurrences.R:33:8
     2. \-ALA4R:::cached_get(...)
     3. \-ALA4R:::download_to_file(...)
     4. \-ALA4R:::check_status_code(...)
     -- Error (test-occurrences.R:33:9): occurrences summary gives something sensible --
     Error: HTTP status code 500 received.
     Either there was an error with the
     request, or the servers may be down
     (try again later). If this problem persists please notify the ALA4R
     maintainers by lodging an issue at
     https://github.com/AtlasOfLivingAustralia/ALA4R/issues/
     or emailing support@ala.org.au
     Backtrace:
     x
     1. \-ALA4R::occurrences(...) test-occurrences.R:33:8
     2. \-ALA4R:::cached_get(...)
     3. \-ALA4R:::download_to_file(...)
     4. \-ALA4R:::check_status_code(...)
     -- Error (test-occurrences.R:33:9): occurrences summary gives something sensible --
     Error: HTTP status code 500 received.
     Either there was an error with the
     request, or the servers may be down
     (try again later). If this problem persists please notify the ALA4R
     maintainers by lodging an issue at
     https://github.com/AtlasOfLivingAustralia/ALA4R/issues/
     or emailing support@ala.org.au
     Backtrace:
     x
     1. \-ALA4R::occurrences(...) test-occurrences.R:33:8
     2. \-ALA4R:::cached_get(...)
     3. \-ALA4R:::download_to_file(...)
     4. \-ALA4R:::check_status_code(...)
     -- Error (test-occurrences_plot.R:6:5): occurrences plot creates a plot -------
     Error: HTTP status code 500 received.
     Either there was an error with the
     request, or the servers may be down
     (try again later). If this problem persists please notify the ALA4R
     maintainers by lodging an issue at
     https://github.com/AtlasOfLivingAustralia/ALA4R/issues/
     or emailing support@ala.org.au
     Backtrace:
     x
     1. \-ALA4R::occurrences(...) test-occurrences_plot.R:6:4
     2. \-ALA4R:::cached_get(...)
     3. \-ALA4R:::download_to_file(...)
     4. \-ALA4R:::check_status_code(...)
     -- Error (test-occurrences_plot.R:6:5): occurrences plot creates a plot -------
     Error: HTTP status code 500 received.
     Either there was an error with the
     request, or the servers may be down
     (try again later). If this problem persists please notify the ALA4R
     maintainers by lodging an issue at
     https://github.com/AtlasOfLivingAustralia/ALA4R/issues/
     or emailing support@ala.org.au
     Backtrace:
     x
     1. \-ALA4R::occurrences(...) test-occurrences_plot.R:6:4
     2. \-ALA4R:::cached_get(...)
     3. \-ALA4R:::download_to_file(...)
     4. \-ALA4R:::check_status_code(...)
     -- Error (test-occurrences_plot.R:6:5): occurrences plot creates a plot -------
     Error: HTTP status code 500 received.
     Either there was an error with the
     request, or the servers may be down
     (try again later). If this problem persists please notify the ALA4R
     maintainers by lodging an issue at
     https://github.com/AtlasOfLivingAustralia/ALA4R/issues/
     or emailing support@ala.org.au
     Backtrace:
     x
     1. \-ALA4R::occurrences(...) test-occurrences_plot.R:6:4
     2. \-ALA4R:::cached_get(...)
     3. \-ALA4R:::download_to_file(...)
     4. \-ALA4R:::check_status_code(...)
    
     [ FAIL 6 | WARN 0 | SKIP 219 | PASS 58 ]
     Error: Test failures
     Execution halted
Flavor: r-devel-windows-x86_64

Version: 1.9.0
Check: tests
Result: ERROR
     Running ‘testthat.R’ [6s/40s]
    Running the tests in ‘tests/testthat.R’ failed.
    Complete output:
     > library(testthat)
     > library(ALA4R)
     >
     > ## run each test with and without caching
     > check_caching <- function(f) {
     + ala_config(caching = "off")
     + f()
     + ala_config(caching = "on")
     + f()
     + f()
     + }
     >
     > test_check("ALA4R")
     ══ Skipped tests ═══════════════════════════════════════════════════════════════
     • On CRAN (216)
     • skipping really slow field_info test (3)
    
     ══ Failed tests ════════════════════════════════════════════════════════════════
     ── Error (test-occurrences.R:33:9): occurrences summary gives something sensible ──
     Error: HTTP status code 500 received.
     Either there was an error with the
     request, or the servers may be down
     (try again later). If this problem persists please notify the ALA4R
     maintainers by lodging an issue at
     https://github.com/AtlasOfLivingAustralia/ALA4R/issues/
     or emailing support@ala.org.au
     Backtrace:
     █
     1. └─ALA4R::occurrences(...) test-occurrences.R:33:8
     2. └─ALA4R:::cached_get(...)
     3. └─ALA4R:::download_to_file(...)
     4. └─ALA4R:::check_status_code(...)
     ── Error (test-occurrences.R:33:9): occurrences summary gives something sensible ──
     Error: HTTP status code 500 received.
     Either there was an error with the
     request, or the servers may be down
     (try again later). If this problem persists please notify the ALA4R
     maintainers by lodging an issue at
     https://github.com/AtlasOfLivingAustralia/ALA4R/issues/
     or emailing support@ala.org.au
     Backtrace:
     █
     1. └─ALA4R::occurrences(...) test-occurrences.R:33:8
     2. └─ALA4R:::cached_get(...)
     3. └─ALA4R:::download_to_file(...)
     4. └─ALA4R:::check_status_code(...)
     ── Error (test-occurrences.R:33:9): occurrences summary gives something sensible ──
     Error: HTTP status code 500 received.
     Either there was an error with the
     request, or the servers may be down
     (try again later). If this problem persists please notify the ALA4R
     maintainers by lodging an issue at
     https://github.com/AtlasOfLivingAustralia/ALA4R/issues/
     or emailing support@ala.org.au
     Backtrace:
     █
     1. └─ALA4R::occurrences(...) test-occurrences.R:33:8
     2. └─ALA4R:::cached_get(...)
     3. └─ALA4R:::download_to_file(...)
     4. └─ALA4R:::check_status_code(...)
     ── Error (test-occurrences_plot.R:6:5): occurrences plot creates a plot ───────
     Error: HTTP status code 500 received.
     Either there was an error with the
     request, or the servers may be down
     (try again later). If this problem persists please notify the ALA4R
     maintainers by lodging an issue at
     https://github.com/AtlasOfLivingAustralia/ALA4R/issues/
     or emailing support@ala.org.au
     Backtrace:
     █
     1. └─ALA4R::occurrences(...) test-occurrences_plot.R:6:4
     2. └─ALA4R:::cached_get(...)
     3. └─ALA4R:::download_to_file(...)
     4. └─ALA4R:::check_status_code(...)
     ── Error (test-occurrences_plot.R:6:5): occurrences plot creates a plot ───────
     Error: HTTP status code 500 received.
     Either there was an error with the
     request, or the servers may be down
     (try again later). If this problem persists please notify the ALA4R
     maintainers by lodging an issue at
     https://github.com/AtlasOfLivingAustralia/ALA4R/issues/
     or emailing support@ala.org.au
     Backtrace:
     █
     1. └─ALA4R::occurrences(...) test-occurrences_plot.R:6:4
     2. └─ALA4R:::cached_get(...)
     3. └─ALA4R:::download_to_file(...)
     4. └─ALA4R:::check_status_code(...)
     ── Error (test-occurrences_plot.R:6:5): occurrences plot creates a plot ───────
     Error: HTTP status code 500 received.
     Either there was an error with the
     request, or the servers may be down
     (try again later). If this problem persists please notify the ALA4R
     maintainers by lodging an issue at
     https://github.com/AtlasOfLivingAustralia/ALA4R/issues/
     or emailing support@ala.org.au
     Backtrace:
     █
     1. └─ALA4R::occurrences(...) test-occurrences_plot.R:6:4
     2. └─ALA4R:::cached_get(...)
     3. └─ALA4R:::download_to_file(...)
     4. └─ALA4R:::check_status_code(...)
    
     [ FAIL 6 | WARN 0 | SKIP 219 | PASS 58 ]
     Error: Test failures
     Execution halted
Flavor: r-release-linux-x86_64