CRAN Package Check Results for Package ALTopt

Last updated on 2021-06-15 23:51:08 CEST.

Flavor Version Tinstall Tcheck Ttotal Status Flags
r-devel-linux-x86_64-debian-clang 0.1.2 3.57 29.39 32.96 NOTE
r-devel-linux-x86_64-debian-gcc 0.1.2 2.36 23.09 25.45 NOTE
r-devel-linux-x86_64-fedora-clang 0.1.2 48.66 NOTE
r-devel-linux-x86_64-fedora-gcc 0.1.2 38.80 NOTE
r-devel-windows-x86_64 0.1.2 5.00 43.00 48.00 NOTE
r-devel-windows-x86_64-gcc10-UCRT 0.1.2 NOTE
r-patched-linux-x86_64 0.1.2 3.11 28.97 32.08 NOTE
r-patched-solaris-x86 0.1.2 57.20 NOTE
r-release-linux-x86_64 0.1.2 3.23 28.62 31.85 NOTE
r-release-macos-arm64 0.1.2 NOTE
r-release-macos-x86_64 0.1.2 NOTE
r-release-windows-ix86+x86_64 0.1.2 6.00 45.00 51.00 NOTE
r-oldrel-macos-x86_64 0.1.2 OK
r-oldrel-windows-ix86+x86_64 0.1.2 9.00 52.00 61.00 OK

Check Details

Version: 0.1.2
Check: LazyData
Result: NOTE
     'LazyData' is specified without a 'data' directory
Flavors: r-devel-linux-x86_64-debian-clang, r-devel-linux-x86_64-debian-gcc, r-devel-linux-x86_64-fedora-clang, r-devel-linux-x86_64-fedora-gcc, r-devel-windows-x86_64, r-devel-windows-x86_64-gcc10-UCRT, r-patched-linux-x86_64, r-patched-solaris-x86, r-release-linux-x86_64, r-release-macos-arm64, r-release-macos-x86_64, r-release-windows-ix86+x86_64