Last updated on 2023-03-23 05:50:15 CET.
Flavor | Version | Tinstall | Tcheck | Ttotal | Status | Flags |
---|---|---|---|---|---|---|
r-devel-linux-x86_64-debian-clang | 1.0.0 | 8.93 | 86.16 | 95.09 | OK | |
r-devel-linux-x86_64-debian-gcc | 1.0.0 | 6.64 | 64.48 | 71.12 | OK | |
r-devel-linux-x86_64-fedora-clang | 1.0.0 | 121.83 | OK | |||
r-devel-linux-x86_64-fedora-gcc | 1.0.0 | 123.49 | OK | |||
r-devel-windows-x86_64 | 1.0.0 | 80.00 | 120.00 | 200.00 | OK | |
r-patched-linux-x86_64 | 1.0.0 | 8.63 | 83.76 | 92.39 | OK | |
r-release-linux-x86_64 | 1.0.0 | 6.73 | 83.69 | 90.42 | OK | |
r-release-macos-arm64 | 1.0.0 | 38.00 | OK | |||
r-release-macos-x86_64 | 1.0.0 | 49.00 | OK | |||
r-release-windows-x86_64 | 1.0.0 | 49.00 | 126.00 | 175.00 | OK | |
r-oldrel-macos-arm64 | 1.0.0 | 43.00 | OK | |||
r-oldrel-macos-x86_64 | 1.0.0 | 57.00 | OK | |||
r-oldrel-windows-ix86+x86_64 | 1.0.0 | 17.00 | 121.00 | 138.00 | NOTE |
Version: 1.0.0
Check: R code for possible problems
Result: NOTE
Initiating curl with CURL_SSL_BACKEND: openssl
Flavor: r-oldrel-windows-ix86+x86_64