CRAN Package Check Results for Package ANN2

Last updated on 2022-01-26 23:50:10 CET.

Flavor Version Tinstall Tcheck Ttotal Status Flags
r-devel-linux-x86_64-debian-clang 2.3.4 466.97 85.03 552.00 NOTE
r-devel-linux-x86_64-debian-gcc 2.3.4 340.18 72.73 412.91 NOTE
r-devel-linux-x86_64-fedora-clang 2.3.4 1012.39 NOTE
r-devel-linux-x86_64-fedora-gcc 2.3.4 735.27 NOTE
r-devel-windows-x86_64-new-UL 2.3.4 351.00 166.00 517.00 NOTE
r-devel-windows-x86_64-new-TK 2.3.4 NOTE
r-patched-linux-x86_64 2.3.4 399.58 75.49 475.07 NOTE
r-release-linux-x86_64 2.3.4 387.31 74.30 461.61 NOTE
r-release-macos-arm64 2.3.4 NOTE
r-release-macos-x86_64 2.3.4 NOTE
r-release-windows-ix86+x86_64 2.3.4 944.00 151.00 1095.00 NOTE
r-oldrel-macos-x86_64 2.3.4 NOTE
r-oldrel-windows-ix86+x86_64 2.3.4 940.00 136.00 1076.00 NOTE

Check Details

Version: 2.3.4
Check: LazyData
Result: NOTE
     'LazyData' is specified without a 'data' directory
Flavors: r-devel-linux-x86_64-debian-clang, r-devel-linux-x86_64-debian-gcc, r-devel-linux-x86_64-fedora-clang, r-devel-linux-x86_64-fedora-gcc, r-devel-windows-x86_64-new-UL, r-devel-windows-x86_64-new-TK, r-patched-linux-x86_64, r-release-linux-x86_64, r-release-macos-arm64, r-release-macos-x86_64, r-release-windows-ix86+x86_64

Version: 2.3.4
Check: installed package size
Result: NOTE
     installed size is 47.8Mb
     sub-directories of 1Mb or more:
     cereal 1.4Mb
     libs 46.1Mb
Flavors: r-devel-linux-x86_64-fedora-clang, r-release-macos-arm64, r-release-macos-x86_64, r-release-windows-ix86+x86_64, r-oldrel-macos-x86_64, r-oldrel-windows-ix86+x86_64