Last updated on 2024-03-29 00:50:42 CET.
Flavor | Version | Tinstall | Tcheck | Ttotal | Status | Flags |
---|---|---|---|---|---|---|
r-devel-linux-x86_64-debian-clang | 0.5.2 | 18.66 | 157.16 | 175.82 | NOTE | |
r-devel-linux-x86_64-debian-gcc | 0.5.2 | 15.68 | 115.15 | 130.83 | NOTE | |
r-devel-linux-x86_64-fedora-clang | 0.5.2 | 214.39 | NOTE | |||
r-devel-linux-x86_64-fedora-gcc | 0.5.2 | 215.36 | NOTE | |||
r-devel-windows-x86_64 | 0.5.2 | 15.00 | 121.00 | 136.00 | NOTE | |
r-patched-linux-x86_64 | 0.5.2 | 19.75 | 151.12 | 170.87 | NOTE | |
r-release-linux-x86_64 | 0.5.2 | 13.99 | 153.92 | 167.91 | OK | |
r-release-macos-arm64 | 0.5.2 | 63.00 | OK | |||
r-release-macos-x86_64 | 0.5.2 | 105.00 | OK | |||
r-release-windows-x86_64 | 0.5.2 | 20.00 | 147.00 | 167.00 | OK | |
r-oldrel-macos-arm64 | 0.5.2 | 49.00 | OK | |||
r-oldrel-windows-x86_64 | 0.5.2 | 21.00 | 154.00 | 175.00 | OK |
Version: 0.5.2
Check: Rd files
Result: NOTE
checkRd: (-1) isolate.signal.Rd:79-81: Lost braces in \itemize; meant \describe ?
checkRd: (-1) isolate.signal.Rd:82-86: Lost braces in \itemize; meant \describe ?
checkRd: (-1) isolate.signal.Rd:87-94: Lost braces in \itemize; meant \describe ?
Flavors: r-devel-linux-x86_64-debian-clang, r-devel-linux-x86_64-debian-gcc, r-devel-linux-x86_64-fedora-clang, r-devel-linux-x86_64-fedora-gcc, r-devel-windows-x86_64, r-patched-linux-x86_64