Last updated on 2024-08-16 11:49:35 CEST.
Flavor | Version | Tinstall | Tcheck | Ttotal | Status | Flags |
---|---|---|---|---|---|---|
r-devel-linux-x86_64-debian-clang | 0.1.2 | 65.93 | 59.60 | 125.53 | NOTE | |
r-devel-linux-x86_64-debian-gcc | 0.1.2 | 55.83 | 44.93 | 100.76 | NOTE | |
r-devel-linux-x86_64-fedora-clang | 0.1.2 | 210.80 | NOTE | |||
r-devel-linux-x86_64-fedora-gcc | 0.1.2 | 244.20 | NOTE | |||
r-devel-windows-x86_64 | 0.1.2 | 68.00 | 95.00 | 163.00 | NOTE | |
r-patched-linux-x86_64 | 0.1.2 | 71.76 | 61.63 | 133.39 | NOTE | |
r-release-linux-x86_64 | 0.1.2 | 73.88 | 61.49 | 135.37 | NOTE | |
r-release-macos-arm64 | 0.1.2 | 54.00 | NOTE | |||
r-release-macos-x86_64 | 0.1.2 | 79.00 | NOTE | |||
r-release-windows-x86_64 | 0.1.2 | 69.00 | 95.00 | 164.00 | NOTE | |
r-oldrel-macos-arm64 | 0.1.2 | 57.00 | NOTE | |||
r-oldrel-macos-x86_64 | 0.1.2 | 83.00 | NOTE | |||
r-oldrel-windows-x86_64 | 0.1.2 | 83.00 | 115.00 | 198.00 | NOTE |
Version: 0.1.2
Check: C++ specification
Result: NOTE
Specified C++11: please drop specification unless essential
Flavors: r-devel-linux-x86_64-debian-clang, r-devel-linux-x86_64-debian-gcc, r-devel-linux-x86_64-fedora-clang, r-devel-linux-x86_64-fedora-gcc, r-devel-windows-x86_64, r-patched-linux-x86_64, r-release-linux-x86_64, r-release-macos-arm64, r-release-macos-x86_64, r-release-windows-x86_64, r-oldrel-macos-arm64, r-oldrel-macos-x86_64, r-oldrel-windows-x86_64
Version: 0.1.2
Check: installed package size
Result: NOTE
installed size is 30.0Mb
sub-directories of 1Mb or more:
libs 29.7Mb
Flavors: r-release-macos-arm64, r-release-macos-x86_64, r-oldrel-macos-arm64, r-oldrel-macos-x86_64