Last updated on 2023-10-01 17:56:19 CEST.
Flavor | Version | Tinstall | Tcheck | Ttotal | Status | Flags |
---|---|---|---|---|---|---|
r-devel-linux-x86_64-debian-clang | 1.1.0 | 134.49 | 120.28 | 254.77 | OK | |
r-devel-linux-x86_64-debian-gcc | 1.1.0 | 102.11 | 227.85 | 329.96 | OK | |
r-devel-linux-x86_64-fedora-clang | 1.1.0 | 361.19 | NOTE | |||
r-devel-linux-x86_64-fedora-gcc | 1.1.0 | 481.55 | NOTE | |||
r-devel-windows-x86_64 | 1.1.0 | 94.00 | 205.00 | 299.00 | OK | |
r-patched-linux-x86_64 | 1.1.0 | 128.06 | 191.74 | 319.80 | OK | |
r-release-linux-x86_64 | 1.1.0 | 131.43 | 203.13 | 334.56 | OK | |
r-release-macos-arm64 | 1.1.0 | 92.00 | NOTE | |||
r-release-macos-x86_64 | 1.1.0 | 141.00 | NOTE | |||
r-release-windows-x86_64 | 1.1.0 | 126.00 | 200.00 | 326.00 | OK | |
r-oldrel-macos-arm64 | 1.1.0 | 86.00 | NOTE | |||
r-oldrel-macos-x86_64 | 1.1.0 | 115.00 | NOTE | |||
r-oldrel-windows-x86_64 | 1.1.0 | 116.00 | 195.00 | 311.00 | OK |
Version: 1.1.0
Check: dependencies in R code
Result: NOTE
Namespace in Imports field not imported from: ‘R.rsp’
All declared Imports should be used.
Flavors: r-devel-linux-x86_64-fedora-clang, r-devel-linux-x86_64-fedora-gcc
Version: 1.1.0
Check: installed package size
Result: NOTE
installed size is 10.2Mb
sub-directories of 1Mb or more:
libs 9.5Mb
Flavors: r-release-macos-arm64, r-release-macos-x86_64, r-oldrel-macos-arm64, r-oldrel-macos-x86_64