CRAN Package Check Results for Package AUC

Last updated on 2021-12-04 23:50:25 CET.

Flavor Version Tinstall Tcheck Ttotal Status Flags
r-devel-linux-x86_64-debian-clang 0.3.0 2.01 21.50 23.51 NOTE
r-devel-linux-x86_64-debian-gcc 0.3.0 1.47 23.79 25.26 NOTE
r-devel-linux-x86_64-fedora-clang 0.3.0 40.48 NOTE
r-devel-linux-x86_64-fedora-gcc 0.3.0 32.77 NOTE
r-devel-windows-x86_64-new-UL 0.3.0 5.00 54.00 59.00 NOTE
r-devel-windows-x86_64-new-TK 0.3.0 NOTE
r-devel-windows-x86_64-old 0.3.0 4.00 29.00 33.00 NOTE
r-patched-linux-x86_64 0.3.0 2.29 20.48 22.77 NOTE
r-release-linux-x86_64 0.3.0 2.06 21.02 23.08 NOTE
r-release-macos-arm64 0.3.0 NOTE
r-release-macos-x86_64 0.3.0 NOTE
r-release-windows-ix86+x86_64 0.3.0 4.00 35.00 39.00 NOTE
r-oldrel-macos-x86_64 0.3.0 NOTE
r-oldrel-windows-ix86+x86_64 0.3.0 4.00 35.00 39.00 NOTE

Check Details

Version: 0.3.0
Check: DESCRIPTION meta-information
Result: NOTE
    Malformed Title field: should not end in a period.
Flavors: r-devel-linux-x86_64-debian-clang, r-devel-linux-x86_64-debian-gcc, r-devel-linux-x86_64-fedora-clang, r-devel-linux-x86_64-fedora-gcc, r-devel-windows-x86_64-new-UL, r-devel-windows-x86_64-new-TK, r-devel-windows-x86_64-old, r-patched-linux-x86_64, r-release-linux-x86_64, r-release-macos-arm64, r-release-macos-x86_64, r-release-windows-ix86+x86_64, r-oldrel-macos-x86_64, r-oldrel-windows-ix86+x86_64

Version: 0.3.0
Check: R code for possible problems
Result: NOTE
    plot.AUC: no visible global function definition for 'lines'
    Undefined global functions or variables:
     lines
    Consider adding
     importFrom("graphics", "lines")
    to your NAMESPACE file.
Flavors: r-devel-linux-x86_64-debian-clang, r-devel-linux-x86_64-debian-gcc, r-devel-linux-x86_64-fedora-clang, r-devel-linux-x86_64-fedora-gcc, r-devel-windows-x86_64-new-UL, r-devel-windows-x86_64-new-TK, r-devel-windows-x86_64-old, r-patched-linux-x86_64, r-release-linux-x86_64, r-release-macos-arm64, r-release-macos-x86_64, r-release-windows-ix86+x86_64, r-oldrel-macos-x86_64, r-oldrel-windows-ix86+x86_64