Last updated on 2023-09-26 12:07:20 CEST.
Flavor | Version | Tinstall | Tcheck | Ttotal | Status | Flags |
---|---|---|---|---|---|---|
r-devel-linux-x86_64-debian-clang | 1.2.0 | 3.42 | 189.31 | 192.73 | OK | |
r-devel-linux-x86_64-debian-gcc | 1.2.0 | 2.81 | 131.64 | 134.45 | OK | |
r-devel-linux-x86_64-fedora-clang | 1.2.0 | 231.94 | OK | |||
r-devel-linux-x86_64-fedora-gcc | 1.2.0 | 257.45 | OK | |||
r-devel-windows-x86_64 | 1.2.0 | 11.00 | 147.00 | 158.00 | OK | |
r-patched-linux-x86_64 | 1.2.0 | 4.04 | 174.63 | 178.67 | OK | |
r-release-linux-x86_64 | 1.2.0 | 2.59 | 175.62 | 178.21 | OK | |
r-release-macos-arm64 | 1.2.0 | 15.00 | ERROR | |||
r-release-macos-x86_64 | 1.2.0 | 22.00 | ERROR | |||
r-release-windows-x86_64 | 1.2.0 | 3.00 | 5.00 | 8.00 | ERROR | |
r-oldrel-macos-arm64 | 1.2.0 | 19.00 | ERROR | |||
r-oldrel-macos-x86_64 | 1.2.0 | 34.00 | ERROR | |||
r-oldrel-windows-x86_64 | 1.2.0 | 2.00 | 8.00 | 10.00 | ERROR |
Version: 1.2.0
Check: package dependencies
Result: ERROR
Packages required but not available:
'BSgenome.Hsapiens.UCSC.hg19', 'BSgenome.Hsapiens.UCSC.hg38',
'BSgenome.Mmusculus.UCSC.mm9', 'BSgenome.Mmusculus.UCSC.mm10'
See section ‘The DESCRIPTION file’ in the ‘Writing R Extensions’
manual.
Flavors: r-release-macos-arm64, r-release-macos-x86_64, r-release-windows-x86_64, r-oldrel-macos-arm64, r-oldrel-macos-x86_64, r-oldrel-windows-x86_64