CRAN Package Check Results for Package ActiveDriverWGS

Last updated on 2021-06-25 11:52:19 CEST.

Flavor Version Tinstall Tcheck Ttotal Status Flags
r-devel-linux-x86_64-debian-clang 1.1.1 3.57 186.76 190.33 OK
r-devel-linux-x86_64-debian-gcc 1.1.1 3.14 135.75 138.89 OK
r-devel-linux-x86_64-fedora-clang 1.1.1 230.21 OK
r-devel-linux-x86_64-fedora-gcc 1.1.1 231.26 OK
r-devel-windows-x86_64 1.1.1 7.00 168.00 175.00 OK
r-devel-windows-x86_64-gcc10-UCRT 1.1.1 NOTE
r-patched-linux-x86_64 1.1.1 4.23 180.40 184.63 OK
r-patched-solaris-x86 1.1.1 401.60 OK
r-release-linux-x86_64 1.1.1 2.72 181.34 184.06 OK
r-release-macos-arm64 1.1.1 ERROR
r-release-macos-x86_64 1.1.1 ERROR
r-release-windows-ix86+x86_64 1.1.1 8.00 164.00 172.00 OK
r-oldrel-macos-x86_64 1.1.1 NOTE
r-oldrel-windows-ix86+x86_64 1.1.1 8.00 223.00 231.00 OK

Check Details

Version: 1.1.1
Check: package dependencies
Result: NOTE
    Packages suggested but not available for checking:
     'BSgenome.Hsapiens.UCSC.hg38', 'BSgenome.Mmusculus.UCSC.mm9',
     'BSgenome.Mmusculus.UCSC.mm10'
Flavor: r-devel-windows-x86_64-gcc10-UCRT

Version: 1.1.1
Check: package dependencies
Result: ERROR
    Packages required but not available:
     'BSgenome', 'BSgenome.Hsapiens.UCSC.hg19', 'GenomicRanges'
    
    Packages suggested but not available for checking:
     'BSgenome.Hsapiens.UCSC.hg38', 'BSgenome.Mmusculus.UCSC.mm9',
     'BSgenome.Mmusculus.UCSC.mm10'
    
    See section ‘The DESCRIPTION file’ in the ‘Writing R Extensions’
    manual.
Flavor: r-release-macos-arm64

Version: 1.1.1
Check: package dependencies
Result: ERROR
    Package required but not available: ‘BSgenome.Hsapiens.UCSC.hg19’
    
    Packages suggested but not available for checking:
     'BSgenome.Hsapiens.UCSC.hg38', 'BSgenome.Mmusculus.UCSC.mm9',
     'BSgenome.Mmusculus.UCSC.mm10'
    
    See section ‘The DESCRIPTION file’ in the ‘Writing R Extensions’
    manual.
Flavor: r-release-macos-x86_64

Version: 1.1.1
Check: package dependencies
Result: NOTE
    Packages suggested but not available for checking:
     'BSgenome.Mmusculus.UCSC.mm9', 'BSgenome.Mmusculus.UCSC.mm10'
Flavor: r-oldrel-macos-x86_64