Last updated on 2024-04-24 11:20:43 CEST.
Flavor | Version | Tinstall | Tcheck | Ttotal | Status | Flags |
---|---|---|---|---|---|---|
r-devel-linux-x86_64-debian-clang | 0.1 | 4.95 | 43.26 | 48.21 | NOTE | |
r-devel-linux-x86_64-debian-gcc | 0.1 | 3.88 | 32.93 | 36.81 | NOTE | |
r-devel-linux-x86_64-fedora-clang | 0.1 | 59.73 | NOTE | |||
r-devel-linux-x86_64-fedora-gcc | 0.1 | 63.65 | NOTE | |||
r-devel-windows-x86_64 | 0.1 | 6.00 | 57.00 | 63.00 | NOTE | |
r-patched-linux-x86_64 | 0.1 | 4.58 | 41.57 | 46.15 | NOTE | |
r-release-linux-x86_64 | 0.1 | 4.69 | 41.69 | 46.38 | NOTE | |
r-release-macos-arm64 | 0.1 | 26.00 | NOTE | |||
r-release-windows-x86_64 | 0.1 | 6.00 | 56.00 | 62.00 | NOTE | |
r-oldrel-macos-arm64 | 0.1 | 22.00 | NOTE | |||
r-oldrel-macos-x86_64 | 0.1 | 33.00 | NOTE | |||
r-oldrel-windows-x86_64 | 0.1 | 7.00 | 69.00 | 76.00 | NOTE |
Version: 0.1
Check: LazyData
Result: NOTE
'LazyData' is specified without a 'data' directory
Flavors: r-devel-linux-x86_64-debian-clang, r-devel-linux-x86_64-debian-gcc, r-devel-linux-x86_64-fedora-clang, r-devel-linux-x86_64-fedora-gcc, r-devel-windows-x86_64, r-patched-linux-x86_64, r-release-linux-x86_64, r-release-macos-arm64, r-release-windows-x86_64, r-oldrel-macos-arm64, r-oldrel-macos-x86_64, r-oldrel-windows-x86_64
Version: 0.1
Check: for non-standard things in the check directory
Result: NOTE
Found the following files/directories:
‘Example.jpeg’
Flavors: r-devel-linux-x86_64-debian-clang, r-devel-linux-x86_64-debian-gcc, r-devel-linux-x86_64-fedora-clang, r-devel-linux-x86_64-fedora-gcc, r-patched-linux-x86_64, r-release-linux-x86_64