Last updated on 2024-05-06 00:02:39 CEST.
Flavor | Version | Tinstall | Tcheck | Ttotal | Status | Flags |
---|---|---|---|---|---|---|
r-devel-linux-x86_64-debian-clang | 1.1.1 | 2.64 | 33.40 | 36.04 | NOTE | |
r-devel-linux-x86_64-debian-gcc | 1.1.1 | 1.89 | 25.12 | 27.01 | NOTE | |
r-devel-linux-x86_64-fedora-clang | 1.1.1 | 45.21 | NOTE | |||
r-devel-linux-x86_64-fedora-gcc | 1.1.1 | 46.87 | NOTE | |||
r-devel-windows-x86_64 | 1.1.1 | 3.00 | 50.00 | 53.00 | NOTE | |
r-patched-linux-x86_64 | 1.1.1 | 3.12 | 32.79 | 35.91 | NOTE | |
r-release-linux-x86_64 | 1.1.1 | 2.78 | 31.86 | 34.64 | NOTE | |
r-release-macos-arm64 | 1.1.1 | 16.00 | NOTE | |||
r-release-windows-x86_64 | 1.1.1 | 4.00 | 49.00 | 53.00 | NOTE | |
r-oldrel-macos-arm64 | 1.1.1 | 18.00 | NOTE | |||
r-oldrel-macos-x86_64 | 1.1.1 | 27.00 | NOTE | |||
r-oldrel-windows-x86_64 | 1.1.1 | 3.00 | 49.00 | 52.00 | NOTE |
Version: 1.1.1
Check: LazyData
Result: NOTE
'LazyData' is specified without a 'data' directory
Flavors: r-devel-linux-x86_64-debian-clang, r-devel-linux-x86_64-debian-gcc, r-devel-linux-x86_64-fedora-clang, r-devel-linux-x86_64-fedora-gcc, r-devel-windows-x86_64, r-patched-linux-x86_64, r-release-linux-x86_64, r-release-macos-arm64, r-release-windows-x86_64, r-oldrel-macos-arm64, r-oldrel-macos-x86_64, r-oldrel-windows-x86_64