Last updated on 2023-03-20 11:53:39 CET.
Flavor | Version | Tinstall | Tcheck | Ttotal | Status | Flags |
---|---|---|---|---|---|---|
r-devel-linux-x86_64-debian-clang | 0.1.1 | NOTE | ||||
r-devel-linux-x86_64-debian-gcc | 0.1.1 | 3.91 | 33.76 | 37.67 | NOTE | |
r-devel-linux-x86_64-fedora-clang | 0.1.1 | 62.93 | NOTE | |||
r-devel-linux-x86_64-fedora-gcc | 0.1.1 | 56.23 | NOTE | |||
r-devel-windows-x86_64 | 0.1.1 | 11.00 | 73.00 | 84.00 | NOTE | |
r-patched-linux-x86_64 | 0.1.1 | 4.43 | 43.39 | 47.82 | NOTE | |
r-release-linux-x86_64 | 0.1.1 | 4.46 | 42.75 | 47.21 | NOTE | |
r-release-macos-arm64 | 0.1.1 | 22.00 | NOTE | |||
r-release-macos-x86_64 | 0.1.1 | 31.00 | NOTE | |||
r-release-windows-x86_64 | 0.1.1 | 10.00 | 77.00 | 87.00 | NOTE | |
r-oldrel-macos-arm64 | 0.1.1 | 26.00 | NOTE | |||
r-oldrel-macos-x86_64 | 0.1.1 | 37.00 | NOTE | |||
r-oldrel-windows-ix86+x86_64 | 0.1.1 | 11.00 | 68.00 | 79.00 | NOTE |
Version: 0.1.1
Check: LazyData
Result: NOTE
'LazyData' is specified without a 'data' directory
Flavors: r-devel-linux-x86_64-debian-clang, r-devel-linux-x86_64-debian-gcc, r-devel-linux-x86_64-fedora-clang, r-devel-linux-x86_64-fedora-gcc, r-devel-windows-x86_64, r-patched-linux-x86_64, r-release-linux-x86_64, r-release-macos-arm64, r-release-macos-x86_64, r-release-windows-x86_64, r-oldrel-macos-arm64, r-oldrel-macos-x86_64, r-oldrel-windows-ix86+x86_64