Last updated on 2023-03-21 17:52:56 CET.
Flavor | Version | Tinstall | Tcheck | Ttotal | Status | Flags |
---|---|---|---|---|---|---|
r-devel-linux-x86_64-debian-clang | 0.3.9 | 8.93 | 86.43 | 95.36 | OK | |
r-devel-linux-x86_64-debian-gcc | 0.3.9 | 6.62 | 64.69 | 71.31 | OK | |
r-devel-linux-x86_64-fedora-clang | 0.3.9 | 117.38 | NOTE | |||
r-devel-linux-x86_64-fedora-gcc | 0.3.9 | 121.36 | NOTE | |||
r-devel-windows-x86_64 | 0.3.9 | 15.00 | 139.00 | 154.00 | OK | |
r-patched-linux-x86_64 | 0.3.9 | 9.99 | 79.51 | 89.50 | OK | |
r-release-linux-x86_64 | 0.3.9 | 7.46 | 80.85 | 88.31 | OK | |
r-release-macos-arm64 | 0.3.9 | 35.00 | OK | |||
r-release-macos-x86_64 | 0.3.9 | 51.00 | OK | |||
r-release-windows-x86_64 | 0.3.9 | 78.00 | 154.00 | 232.00 | OK | |
r-oldrel-macos-arm64 | 0.3.9 | 33.00 | OK | |||
r-oldrel-macos-x86_64 | 0.3.9 | 58.00 | OK | |||
r-oldrel-windows-ix86+x86_64 | 0.3.9 | 22.00 | 130.00 | 152.00 | OK |
Version: 0.3.9
Check: data for non-ASCII characters
Result: NOTE
Note: found 1 marked UTF-8 string
Flavors: r-devel-linux-x86_64-fedora-clang, r-devel-linux-x86_64-fedora-gcc