CRAN Package Check Results for Package AlgDesign

Last updated on 2021-06-25 11:52:19 CEST.

Flavor Version Tinstall Tcheck Ttotal Status Flags
r-devel-linux-x86_64-debian-clang 1.2.0 9.71 42.09 51.80 OK
r-devel-linux-x86_64-debian-gcc 1.2.0 5.39 33.45 38.84 OK
r-devel-linux-x86_64-fedora-clang 1.2.0 75.68 NOTE
r-devel-linux-x86_64-fedora-gcc 1.2.0 61.13 NOTE
r-devel-windows-x86_64 1.2.0 11.00 53.00 64.00 OK
r-devel-windows-x86_64-gcc10-UCRT 1.2.0 OK
r-patched-linux-x86_64 1.2.0 6.51 41.70 48.21 OK
r-patched-solaris-x86 1.2.0 91.30 OK
r-release-linux-x86_64 1.2.0 6.62 41.52 48.14 OK
r-release-macos-arm64 1.2.0 OK
r-release-macos-x86_64 1.2.0 OK
r-release-windows-ix86+x86_64 1.2.0 14.00 50.00 64.00 OK
r-oldrel-macos-x86_64 1.2.0 OK
r-oldrel-windows-ix86+x86_64 1.2.0 16.00 63.00 79.00 OK

Check Details

Version: 1.2.0
Check: compiled code
Result: NOTE
    File ‘AlgDesign/libs/AlgDesign.so’:
     Found no calls to: ‘R_registerRoutines’, ‘R_useDynamicSymbols’
    
    It is good practice to register native routines and to disable symbol
    search.
    
    See ‘Writing portable packages’ in the ‘Writing R Extensions’ manual.
Flavors: r-devel-linux-x86_64-fedora-clang, r-devel-linux-x86_64-fedora-gcc