CRAN Package Check Results for Package AlleleShift

Last updated on 2021-06-15 23:51:08 CEST.

Flavor Version Tinstall Tcheck Ttotal Status Flags
r-devel-linux-x86_64-debian-clang 1.0-1 26.95 247.14 274.09 OK
r-devel-linux-x86_64-debian-gcc 1.0-1 22.48 187.76 210.24 OK
r-devel-linux-x86_64-fedora-clang 1.0-1 349.00 OK
r-devel-linux-x86_64-fedora-gcc 1.0-1 330.93 OK
r-devel-windows-x86_64 1.0-1 39.00 256.00 295.00 OK
r-devel-windows-x86_64-gcc10-UCRT 1.0-1 ERROR
r-patched-linux-x86_64 1.0-1 28.99 233.25 262.24 OK
r-patched-solaris-x86 1.0-1 524.00 OK
r-release-linux-x86_64 1.0-1 27.80 234.77 262.57 OK
r-release-macos-arm64 1.0-1 OK
r-release-macos-x86_64 1.0-1 OK
r-release-windows-ix86+x86_64 1.0-1 59.00 257.00 316.00 OK
r-oldrel-macos-x86_64 1.0-1 OK
r-oldrel-windows-ix86+x86_64 1.0-1 65.00 267.00 332.00 OK

Check Details

Version: 1.0-1
Check: package dependencies
Result: ERROR
    Package required but not available: 'adegenet'
    
    Package suggested but not available for checking: 'poppr'
    
    See section 'The DESCRIPTION file' in the 'Writing R Extensions'
    manual.
Flavor: r-devel-windows-x86_64-gcc10-UCRT