Last updated on 2023-02-08 11:54:16 CET.
Flavor | Version | Tinstall | Tcheck | Ttotal | Status | Flags |
---|---|---|---|---|---|---|
r-devel-linux-x86_64-debian-clang | 1.8.1 | 43.43 | 81.56 | 124.99 | NOTE | |
r-devel-linux-x86_64-debian-gcc | 1.8.1 | 33.58 | 61.26 | 94.84 | NOTE | |
r-devel-linux-x86_64-fedora-clang | 1.8.1 | 159.53 | NOTE | |||
r-devel-linux-x86_64-fedora-gcc | 1.8.1 | 173.75 | NOTE | |||
r-devel-windows-x86_64 | 1.8.1 | 67.00 | 137.00 | 204.00 | NOTE | |
r-patched-linux-x86_64 | 1.8.1 | 35.94 | 78.38 | 114.32 | OK | |
r-release-linux-x86_64 | 1.8.1 | 36.57 | 73.72 | 110.29 | OK | |
r-release-macos-arm64 | 1.8.1 | 57.00 | NOTE | |||
r-release-macos-x86_64 | 1.8.1 | 91.00 | NOTE | |||
r-release-windows-x86_64 | 1.8.1 | 60.00 | 144.00 | 204.00 | OK | |
r-oldrel-macos-arm64 | 1.8.1 | 60.00 | NOTE | |||
r-oldrel-macos-x86_64 | 1.8.1 | 95.00 | NOTE | |||
r-oldrel-windows-ix86+x86_64 | 1.8.1 | 95.00 | 136.00 | 231.00 | OK |
Version: 1.8.1
Check: C++ specification
Result: NOTE
Specified C++11: please update to current default of C++17
Flavors: r-devel-linux-x86_64-debian-clang, r-devel-windows-x86_64
Version: 1.8.1
Check: C++ specification
Result: NOTE
Specified C++11: please drop specification unless essential
Flavors: r-devel-linux-x86_64-debian-gcc, r-devel-linux-x86_64-fedora-clang, r-devel-linux-x86_64-fedora-gcc
Version: 1.8.1
Check: installed package size
Result: NOTE
installed size is 6.0Mb
sub-directories of 1Mb or more:
doc 1.4Mb
libs 3.9Mb
Flavors: r-release-macos-arm64, r-release-macos-x86_64, r-oldrel-macos-arm64, r-oldrel-macos-x86_64