CRAN Package Check Results for Package AmigaFFH

Last updated on 2024-07-23 00:54:22 CEST.

Flavor Version Tinstall Tcheck Ttotal Status Flags
r-devel-linux-x86_64-debian-clang 0.4.5 13.71 85.28 98.99 OK
r-devel-linux-x86_64-debian-gcc 0.4.5 8.38 62.11 70.49 NOTE
r-devel-linux-x86_64-fedora-clang 0.4.5 130.72 OK
r-devel-linux-x86_64-fedora-gcc 0.4.5 126.16 OK
r-devel-windows-x86_64 0.4.5 13.00 90.00 103.00 NOTE
r-patched-linux-x86_64 0.4.5 20.38 83.08 103.46 OK
r-release-linux-x86_64 0.4.5 13.26 81.58 94.84 OK
r-release-macos-arm64 0.4.5 32.00 OK
r-release-macos-x86_64 0.4.5 48.00 OK
r-release-windows-x86_64 0.4.5 14.00 91.00 105.00 OK
r-oldrel-macos-arm64 0.4.5 39.00 OK
r-oldrel-macos-x86_64 0.4.5 78.00 OK
r-oldrel-windows-x86_64 0.4.5 17.00 107.00 124.00 OK

Check Details

Version: 0.4.5
Check: Rd cross-references
Result: NOTE Found the following Rd file(s) with Rd \link{} targets missing package anchors: play.Rd: tuneR Please provide package anchors for all Rd \link{} targets not in the package itself and the base packages. Flavors: r-devel-linux-x86_64-debian-gcc, r-devel-windows-x86_64