CRAN Package Check Results for Package Andromeda

Last updated on 2022-01-18 05:50:05 CET.

Flavor Version Tinstall Tcheck Ttotal Status Flags
r-devel-linux-x86_64-debian-clang 0.5.0 7.24 86.66 93.90 OK
r-devel-linux-x86_64-debian-gcc 0.5.0 5.71 65.26 70.97 OK
r-devel-linux-x86_64-fedora-clang 0.5.0 113.30 NOTE
r-devel-linux-x86_64-fedora-gcc 0.5.0 111.57 NOTE
r-devel-windows-x86_64-new-UL 0.5.0 60.00 133.00 193.00 OK
r-devel-windows-x86_64-new-TK 0.5.0 NOTE
r-patched-linux-x86_64 0.5.0 12.59 82.51 95.10 OK
r-release-linux-x86_64 0.5.0 OK
r-release-macos-arm64 0.5.0 NOTE
r-release-macos-x86_64 0.5.0 NOTE
r-release-windows-ix86+x86_64 0.5.0 17.00 107.00 124.00 OK
r-oldrel-macos-x86_64 0.5.0 NOTE
r-oldrel-windows-ix86+x86_64 0.5.0 17.00 111.00 128.00 OK

Check Details

Version: 0.5.0
Check: dependencies in R code
Result: NOTE
    Namespace in Imports field not imported from: ‘hms’
     All declared Imports should be used.
Flavors: r-devel-linux-x86_64-fedora-clang, r-devel-linux-x86_64-fedora-gcc, r-devel-windows-x86_64-new-TK, r-release-macos-arm64, r-release-macos-x86_64, r-oldrel-macos-x86_64