CRAN Package Check Results for Package AntAngioCOOL

Last updated on 2021-06-25 05:51:41 CEST.

Flavor Version Tinstall Tcheck Ttotal Status Flags
r-devel-linux-x86_64-debian-clang 1.2 60.91 240.31 301.22 OK
r-devel-linux-x86_64-debian-gcc 1.2 52.10 188.92 241.02 OK
r-devel-linux-x86_64-fedora-clang 1.2 394.46 NOTE
r-devel-linux-x86_64-fedora-gcc 1.2 386.64 OK
r-devel-windows-x86_64 1.2 86.00 184.00 270.00 NOTE
r-devel-windows-x86_64-gcc10-UCRT 1.2 OK
r-patched-linux-x86_64 1.2 55.74 226.84 282.58 OK
r-release-linux-x86_64 1.2 55.65 225.18 280.83 OK
r-release-macos-arm64 1.2 ERROR
r-release-macos-x86_64 1.2 NOTE
r-release-windows-ix86+x86_64 1.2 102.00 201.00 303.00 NOTE
r-oldrel-macos-x86_64 1.2 NOTE
r-oldrel-windows-ix86+x86_64 1.2 128.00 198.00 326.00 NOTE

Check Details

Version: 1.2
Check: installed package size
Result: NOTE
     installed size is 35.4Mb
     sub-directories of 1Mb or more:
     R 35.3Mb
Flavors: r-devel-linux-x86_64-fedora-clang, r-devel-windows-x86_64, r-release-macos-x86_64, r-release-windows-ix86+x86_64, r-oldrel-macos-x86_64, r-oldrel-windows-ix86+x86_64

Version: 1.2
Check: whether package can be installed
Result: ERROR
    Installation failed.
Flavor: r-release-macos-arm64