Last updated on 2024-08-31 23:48:58 CEST.
Flavor | Version | Tinstall | Tcheck | Ttotal | Status | Flags |
---|---|---|---|---|---|---|
r-devel-linux-x86_64-debian-clang | 1.1.0 | 52.54 | 281.50 | 334.04 | NOTE | |
r-devel-linux-x86_64-debian-gcc | 1.1.0 | 38.92 | 193.59 | 232.51 | NOTE | |
r-devel-linux-x86_64-fedora-clang | 1.1.0 | 534.83 | NOTE | |||
r-devel-linux-x86_64-fedora-gcc | 1.1.0 | 490.59 | NOTE | |||
r-devel-windows-x86_64 | 1.1.0 | 54.00 | 291.00 | 345.00 | NOTE | |
r-patched-linux-x86_64 | 1.1.0 | 53.87 | 285.53 | 339.40 | NOTE | |
r-release-linux-x86_64 | 1.1.0 | 50.59 | 294.43 | 345.02 | NOTE | |
r-release-macos-arm64 | 1.1.0 | 121.00 | NOTE | |||
r-release-macos-x86_64 | 1.1.0 | 167.00 | NOTE | |||
r-release-windows-x86_64 | 1.1.0 | 53.00 | 311.00 | 364.00 | NOTE | |
r-oldrel-macos-arm64 | 1.1.0 | 140.00 | NOTE | |||
r-oldrel-macos-x86_64 | 1.1.0 | 216.00 | NOTE | |||
r-oldrel-windows-x86_64 | 1.1.0 | 67.00 | 334.00 | 401.00 | NOTE |
Version: 1.1.0
Check: C++ specification
Result: NOTE
Specified C++11: please drop specification unless essential
Flavors: r-devel-linux-x86_64-debian-clang, r-devel-linux-x86_64-debian-gcc, r-devel-linux-x86_64-fedora-clang, r-devel-linux-x86_64-fedora-gcc, r-devel-windows-x86_64, r-patched-linux-x86_64, r-release-linux-x86_64, r-release-macos-arm64, r-release-macos-x86_64, r-release-windows-x86_64, r-oldrel-macos-arm64, r-oldrel-macos-x86_64, r-oldrel-windows-x86_64
Version: 1.1.0
Check: dependencies in R code
Result: NOTE
Namespaces in Imports field not imported from:
‘Rdpack’ ‘mcclust’
All declared Imports should be used.
Flavors: r-devel-linux-x86_64-fedora-clang, r-devel-linux-x86_64-fedora-gcc
Version: 1.1.0
Check: installed package size
Result: NOTE
installed size is 5.6Mb
sub-directories of 1Mb or more:
libs 5.3Mb
Flavors: r-release-macos-arm64, r-release-macos-x86_64, r-oldrel-macos-arm64, r-oldrel-macos-x86_64