Last updated on 2023-03-22 12:53:41 CET.
Flavor | Version | Tinstall | Tcheck | Ttotal | Status | Flags |
---|---|---|---|---|---|---|
r-devel-linux-x86_64-debian-clang | 1.8 | 14.49 | 227.55 | 242.04 | OK | |
r-devel-linux-x86_64-debian-gcc | 1.8 | 10.59 | 172.16 | 182.75 | OK | |
r-devel-linux-x86_64-fedora-clang | 1.8 | 297.98 | NOTE | |||
r-devel-linux-x86_64-fedora-gcc | 1.8 | 299.55 | OK | |||
r-devel-windows-x86_64 | 1.8 | 143.00 | 314.00 | 457.00 | NOTE | |
r-patched-linux-x86_64 | 1.8 | 14.88 | 217.02 | 231.90 | OK | |
r-release-linux-x86_64 | 1.8 | 11.15 | 219.28 | 230.43 | OK | |
r-release-macos-arm64 | 1.8 | 84.00 | NOTE | |||
r-release-macos-x86_64 | 1.8 | 126.00 | NOTE | |||
r-release-windows-x86_64 | 1.8 | 101.00 | 285.00 | 386.00 | NOTE | |
r-oldrel-macos-arm64 | 1.8 | 79.00 | NOTE | |||
r-oldrel-macos-x86_64 | 1.8 | 132.00 | NOTE | |||
r-oldrel-windows-ix86+x86_64 | 1.8 | 34.00 | 302.00 | 336.00 | NOTE |
Version: 1.8
Check: installed package size
Result: NOTE
installed size is 7.2Mb
sub-directories of 1Mb or more:
doc 5.8Mb
Flavors: r-devel-linux-x86_64-fedora-clang, r-devel-windows-x86_64, r-release-macos-arm64, r-release-macos-x86_64, r-release-windows-x86_64, r-oldrel-macos-arm64, r-oldrel-macos-x86_64, r-oldrel-windows-ix86+x86_64
Version: 1.8
Check: Rd cross-references
Result: NOTE
Undeclared package ‘RCurl’ in Rd xrefs
Flavor: r-devel-linux-x86_64-fedora-clang