CRAN Package Check Results for Package Arothron

Last updated on 2021-07-24 17:51:44 CEST.

Flavor Version Tinstall Tcheck Ttotal Status Flags
r-devel-linux-x86_64-debian-clang 2.0.2 11.16 110.69 121.85 OK
r-devel-linux-x86_64-debian-gcc 2.0.2 9.95 86.22 96.17 OK
r-devel-linux-x86_64-fedora-clang 2.0.2 175.79 NOTE
r-devel-linux-x86_64-fedora-gcc 2.0.2 151.63 OK
r-devel-windows-x86_64 2.0.2 15.00 115.00 130.00 NOTE
r-devel-windows-x86_64-gcc10-UCRT 2.0.2 OK
r-patched-linux-x86_64 2.0.2 12.24 111.07 123.31 OK
r-patched-solaris-x86 2.0.2 207.10 NOTE
r-release-linux-x86_64 2.0.2 13.90 110.96 124.86 OK
r-release-macos-arm64 2.0.2 NOTE
r-release-macos-x86_64 2.0.2 NOTE
r-release-windows-ix86+x86_64 2.0.2 29.00 140.00 169.00 NOTE
r-oldrel-macos-x86_64 2.0.2 NOTE
r-oldrel-windows-ix86+x86_64 2.0.2 31.00 136.00 167.00 NOTE

Check Details

Version: 2.0.2
Check: installed package size
Result: NOTE
     installed size is 5.2Mb
     sub-directories of 1Mb or more:
     data 4.9Mb
Flavors: r-devel-linux-x86_64-fedora-clang, r-devel-windows-x86_64, r-patched-solaris-x86, r-release-macos-arm64, r-release-macos-x86_64, r-release-windows-ix86+x86_64, r-oldrel-macos-x86_64, r-oldrel-windows-ix86+x86_64