CRAN Package Check Results for Package AtelieR

Last updated on 2019-07-16 05:48:04 CEST.

Flavor Version Tinstall Tcheck Ttotal Status Flags
r-devel-linux-x86_64-debian-clang 0.24 11.14 48.20 59.34 NOTE
r-devel-linux-x86_64-debian-gcc 0.24 8.86 39.27 48.13 NOTE
r-devel-linux-x86_64-fedora-clang 0.24 74.03 NOTE
r-devel-linux-x86_64-fedora-gcc 0.24 73.34 NOTE
r-devel-windows-ix86+x86_64 0.24 26.00 54.00 80.00 NOTE
r-patched-linux-x86_64 0.24 11.98 47.77 59.75 NOTE
r-patched-solaris-x86 0.24 122.80 NOTE
r-release-linux-x86_64 0.24 10.64 47.04 57.68 NOTE
r-release-windows-ix86+x86_64 0.24 18.00 81.00 99.00 NOTE
r-release-osx-x86_64 0.24 NOTE
r-oldrel-windows-ix86+x86_64 0.24 17.00 57.00 74.00 NOTE
r-oldrel-osx-x86_64 0.24 NOTE

Check Details

Version: 0.24
Check: DESCRIPTION meta-information
Result: NOTE
    Malformed Title field: should not end in a period.
Flavors: r-devel-linux-x86_64-debian-clang, r-devel-linux-x86_64-debian-gcc, r-devel-linux-x86_64-fedora-clang, r-devel-linux-x86_64-fedora-gcc, r-devel-windows-ix86+x86_64, r-patched-linux-x86_64, r-patched-solaris-x86, r-release-linux-x86_64, r-release-windows-ix86+x86_64, r-release-osx-x86_64, r-oldrel-windows-ix86+x86_64, r-oldrel-osx-x86_64

Version: 0.24
Check: dependencies in R code
Result: NOTE
    Packages in Depends field not imported from:
     'cairoDevice' 'gWidgetsRGtk2' 'partitions' 'proto'
     These packages need to be imported from (in the NAMESPACE file)
     for when this namespace is loaded but not attached.
Flavors: r-devel-linux-x86_64-debian-clang, r-devel-linux-x86_64-debian-gcc, r-devel-linux-x86_64-fedora-clang, r-devel-linux-x86_64-fedora-gcc, r-devel-windows-ix86+x86_64, r-patched-linux-x86_64, r-patched-solaris-x86, r-release-linux-x86_64, r-release-windows-ix86+x86_64, r-release-osx-x86_64, r-oldrel-windows-ix86+x86_64, r-oldrel-osx-x86_64