CRAN Package Check Results for Package AtelieR

Last updated on 2019-02-18 23:51:20 CET.

Flavor Version Tinstall Tcheck Ttotal Status Flags
r-devel-linux-x86_64-debian-clang 0.24 8.55 48.98 57.53 NOTE
r-devel-linux-x86_64-debian-gcc 0.24 7.33 39.08 46.41 NOTE
r-devel-linux-x86_64-fedora-clang 0.24 76.22 NOTE
r-devel-linux-x86_64-fedora-gcc 0.24 67.36 NOTE
r-devel-windows-ix86+x86_64 0.24 22.00 77.00 99.00 NOTE
r-patched-linux-x86_64 0.24 8.51 46.05 54.56 NOTE
r-patched-solaris-x86 0.24 114.20 NOTE
r-release-linux-x86_64 0.24 NOTE
r-release-windows-ix86+x86_64 0.24 12.00 76.00 88.00 NOTE
r-release-osx-x86_64 0.24 ERROR
r-oldrel-windows-ix86+x86_64 0.24 16.00 84.00 100.00 NOTE
r-oldrel-osx-x86_64 0.24 ERROR

Check Details

Version: 0.24
Check: DESCRIPTION meta-information
Result: NOTE
    Malformed Title field: should not end in a period.
Flavors: r-devel-linux-x86_64-debian-clang, r-devel-linux-x86_64-debian-gcc, r-devel-linux-x86_64-fedora-clang, r-devel-linux-x86_64-fedora-gcc, r-devel-windows-ix86+x86_64, r-patched-linux-x86_64, r-patched-solaris-x86, r-release-linux-x86_64, r-release-windows-ix86+x86_64, r-oldrel-windows-ix86+x86_64

Version: 0.24
Check: dependencies in R code
Result: NOTE
    Packages in Depends field not imported from:
     ‘cairoDevice’ ‘gWidgetsRGtk2’ ‘partitions’ ‘proto’
     These packages need to be imported from (in the NAMESPACE file)
     for when this namespace is loaded but not attached.
Flavors: r-devel-linux-x86_64-debian-clang, r-devel-linux-x86_64-debian-gcc, r-devel-linux-x86_64-fedora-clang, r-devel-linux-x86_64-fedora-gcc, r-devel-windows-ix86+x86_64, r-patched-linux-x86_64, r-patched-solaris-x86, r-release-linux-x86_64, r-release-windows-ix86+x86_64, r-oldrel-windows-ix86+x86_64

Version: 0.24
Check: package dependencies
Result: ERROR
    Packages required but not available: ‘cairoDevice’ ‘gWidgetsRGtk2’
    
    See section ‘The DESCRIPTION file’ in the ‘Writing R Extensions’
    manual.
Flavors: r-release-osx-x86_64, r-oldrel-osx-x86_64