CRAN Package Check Results for Package AutoDeskR

Last updated on 2021-06-15 17:50:15 CEST.

Flavor Version Tinstall Tcheck Ttotal Status Flags
r-devel-linux-x86_64-debian-clang 0.1.3 4.01 36.87 40.88 NOTE
r-devel-linux-x86_64-debian-gcc 0.1.3 3.31 29.44 32.75 NOTE
r-devel-linux-x86_64-fedora-clang 0.1.3 57.63 NOTE
r-devel-linux-x86_64-fedora-gcc 0.1.3 47.11 NOTE
r-devel-windows-x86_64 0.1.3 7.00 59.00 66.00 NOTE
r-devel-windows-x86_64-gcc10-UCRT 0.1.3 NOTE
r-patched-linux-x86_64 0.1.3 4.10 36.00 40.10 NOTE
r-patched-solaris-x86 0.1.3 72.60 NOTE
r-release-linux-x86_64 0.1.3 3.93 36.29 40.22 NOTE
r-release-macos-arm64 0.1.3 NOTE
r-release-macos-x86_64 0.1.3 NOTE
r-release-windows-ix86+x86_64 0.1.3 11.00 61.00 72.00 NOTE
r-oldrel-macos-x86_64 0.1.3 OK
r-oldrel-windows-ix86+x86_64 0.1.3 14.00 64.00 78.00 OK

Check Details

Version: 0.1.3
Check: LazyData
Result: NOTE
     'LazyData' is specified without a 'data' directory
Flavors: r-devel-linux-x86_64-debian-clang, r-devel-linux-x86_64-debian-gcc, r-devel-linux-x86_64-fedora-clang, r-devel-linux-x86_64-fedora-gcc, r-devel-windows-x86_64, r-devel-windows-x86_64-gcc10-UCRT, r-patched-linux-x86_64, r-patched-solaris-x86, r-release-linux-x86_64, r-release-macos-arm64, r-release-macos-x86_64, r-release-windows-ix86+x86_64