Last updated on 2024-04-24 06:19:08 CEST.
Flavor | Version | Tinstall | Tcheck | Ttotal | Status | Flags |
---|---|---|---|---|---|---|
r-devel-linux-x86_64-debian-clang | 0.1.6 | 2.25 | 2.25 | ERROR | ||
r-devel-linux-x86_64-debian-gcc | 0.1.6 | 17.95 | 144.01 | 161.96 | OK | |
r-devel-linux-x86_64-fedora-clang | 0.1.6 | 279.22 | OK | |||
r-devel-linux-x86_64-fedora-gcc | 0.1.6 | 258.05 | OK | |||
r-prerel-macos-arm64 | 0.1.6 | 73.00 | OK | |||
r-prerel-macos-x86_64 | 0.1.6 | 135.00 | OK | |||
r-prerel-windows-x86_64 | 0.1.6 | 21.00 | 147.00 | 168.00 | OK | |
r-patched-linux-x86_64 | 0.1.6 | 19.23 | 191.65 | 210.88 | OK | |
r-release-linux-x86_64 | 0.1.6 | 22.38 | 203.60 | 225.98 | OK | |
r-release-macos-arm64 | 0.1.6 | 6.00 | ERROR | |||
r-release-macos-x86_64 | 0.1.6 | 134.00 | OK | |||
r-release-windows-x86_64 | 0.1.6 | 26.00 | 187.00 | 213.00 | OK | |
r-oldrel-macos-arm64 | 0.1.6 | 70.00 | OK | |||
r-oldrel-windows-x86_64 | 0.1.6 | 27.00 | 169.00 | 196.00 | OK |
Version: 0.1.6
Check: package dependencies
Result: ERROR
Package required but not available: ‘annotate’
See section ‘The DESCRIPTION file’ in the ‘Writing R Extensions’
manual.
Flavor: r-devel-linux-x86_64-debian-clang
Version: 0.1.6
Check: package dependencies
Result: ERROR
Packages required but not available: 'siggenes', 'clusterProfiler'
See section ‘The DESCRIPTION file’ in the ‘Writing R Extensions’
manual.
Flavor: r-release-macos-arm64