Last updated on 2024-04-19 00:11:48 CEST.
Flavor | Version | Tinstall | Tcheck | Ttotal | Status | Flags |
---|---|---|---|---|---|---|
r-devel-linux-x86_64-debian-clang | 0.2.0 | 17.42 | 125.52 | 142.94 | NOTE | |
r-devel-linux-x86_64-debian-gcc | 0.2.0 | 12.06 | 93.89 | 105.95 | NOTE | |
r-devel-linux-x86_64-fedora-clang | 0.2.0 | 177.80 | NOTE | |||
r-devel-linux-x86_64-fedora-gcc | 0.2.0 | 190.31 | NOTE | |||
r-prerel-macos-arm64 | 0.2.0 | 50.00 | NOTE | |||
r-prerel-windows-x86_64 | 0.2.0 | 12.00 | 100.00 | 112.00 | NOTE | |
r-patched-linux-x86_64 | 0.2.0 | 13.00 | 118.47 | 131.47 | NOTE | |
r-release-linux-x86_64 | 0.2.0 | 10.81 | 120.07 | 130.88 | NOTE | |
r-release-macos-arm64 | 0.2.0 | 50.00 | NOTE | |||
r-release-macos-x86_64 | 0.2.0 | 89.00 | NOTE | |||
r-release-windows-x86_64 | 0.2.0 | 18.00 | 118.00 | 136.00 | NOTE | |
r-oldrel-macos-arm64 | 0.2.0 | 50.00 | NOTE | |||
r-oldrel-windows-x86_64 | 0.2.0 | 17.00 | 124.00 | 141.00 | NOTE |
Version: 0.2.0
Check: LazyData
Result: NOTE
'LazyData' is specified without a 'data' directory
Flavors: r-devel-linux-x86_64-debian-clang, r-devel-linux-x86_64-debian-gcc, r-devel-linux-x86_64-fedora-clang, r-devel-linux-x86_64-fedora-gcc, r-prerel-macos-arm64, r-prerel-windows-x86_64, r-patched-linux-x86_64, r-release-linux-x86_64, r-release-macos-arm64, r-release-macos-x86_64, r-release-windows-x86_64, r-oldrel-macos-arm64, r-oldrel-windows-x86_64