CRAN Package Check Results for Package AutoWeatherIndices

Last updated on 2023-09-23 11:50:11 CEST.

Flavor Version Tinstall Tcheck Ttotal Status Flags
r-devel-linux-x86_64-debian-clang 0.1.0 2.10 20.24 22.34 OK
r-devel-linux-x86_64-debian-gcc 0.1.0 1.95 17.68 19.63 OK
r-devel-linux-x86_64-fedora-clang 0.1.0 28.77 NOTE
r-devel-linux-x86_64-fedora-gcc 0.1.0 27.42 NOTE
r-devel-windows-x86_64 0.1.0 4.00 38.00 42.00 OK
r-patched-linux-x86_64 0.1.0 2.02 19.76 21.78 OK
r-release-linux-x86_64 0.1.0 1.97 19.87 21.84 OK
r-release-macos-arm64 0.1.0 14.00 OK
r-release-macos-x86_64 0.1.0 18.00 OK
r-release-windows-x86_64 0.1.0 4.00 37.00 41.00 OK
r-oldrel-macos-arm64 0.1.0 15.00 NOTE
r-oldrel-macos-x86_64 0.1.0 19.00 NOTE
r-oldrel-windows-x86_64 0.1.0 4.00 41.00 45.00 OK

Check Details

Version: 0.1.0
Check: dependencies in R code
Result: NOTE
    Namespace in Imports field not imported from: ‘Hmisc’
     All declared Imports should be used.
Flavors: r-devel-linux-x86_64-fedora-clang, r-devel-linux-x86_64-fedora-gcc, r-oldrel-macos-arm64, r-oldrel-macos-x86_64