Last updated on 2024-03-28 17:49:22 CET.
Flavor | Version | Tinstall | Tcheck | Ttotal | Status | Flags |
---|---|---|---|---|---|---|
r-devel-linux-x86_64-debian-clang | 1.0.0 | 4.14 | 35.41 | 39.55 | NOTE | |
r-devel-linux-x86_64-debian-gcc | 1.0.0 | 3.59 | 27.67 | 31.26 | NOTE | |
r-devel-linux-x86_64-fedora-clang | 1.0.0 | 51.06 | NOTE | |||
r-devel-linux-x86_64-fedora-gcc | 1.0.0 | 62.96 | NOTE | |||
r-devel-windows-x86_64 | 1.0.0 | 5.00 | 50.00 | 55.00 | NOTE | |
r-patched-linux-x86_64 | 1.0.0 | 3.36 | 35.15 | 38.51 | NOTE | |
r-release-linux-x86_64 | 1.0.0 | 3.69 | 34.16 | 37.85 | OK | |
r-release-macos-arm64 | 1.0.0 | 24.00 | OK | |||
r-release-macos-x86_64 | 1.0.0 | 38.00 | OK | |||
r-release-windows-x86_64 | 1.0.0 | 6.00 | 51.00 | 57.00 | OK | |
r-oldrel-macos-arm64 | 1.0.0 | 19.00 | OK | |||
r-oldrel-windows-x86_64 | 1.0.0 | 6.00 | 53.00 | 59.00 | OK |
Version: 1.0.0
Check: Rd files
Result: NOTE
checkRd: (-1) cosmos_mongo.Rd:21: Lost braces; missing escapes or markup?
21 | \item{host}{For \code{cosmos_mongo_endpoint}, the URL of the Cosmos DB MongoDB endpoint. Usually of the form "https://{account-name}.mongo.cosmos.azure.com:443/".}
| ^
Flavors: r-devel-linux-x86_64-debian-clang, r-devel-linux-x86_64-debian-gcc, r-devel-linux-x86_64-fedora-clang, r-devel-linux-x86_64-fedora-gcc, r-devel-windows-x86_64, r-patched-linux-x86_64