CRAN Package Check Results for Package AzureKusto

Last updated on 2019-10-19 17:46:47 CEST.

Flavor Version Tinstall Tcheck Ttotal Status Flags
r-devel-linux-x86_64-debian-clang 1.0.3 8.83 50.64 59.47 OK
r-devel-linux-x86_64-debian-gcc 1.0.3 6.67 39.33 46.00 OK
r-devel-linux-x86_64-fedora-clang 1.0.3 74.48 NOTE
r-devel-linux-x86_64-fedora-gcc 1.0.3 39.11 NOTE
r-devel-windows-ix86+x86_64 1.0.3 20.00 82.00 102.00 OK
r-patched-linux-x86_64 1.0.3 7.53 49.04 56.57 OK
r-patched-solaris-x86 1.0.3 95.60 NOTE
r-release-linux-x86_64 1.0.3 7.80 49.70 57.50 OK
r-release-windows-ix86+x86_64 1.0.3 13.00 63.00 76.00 OK
r-release-osx-x86_64 1.0.3 NOTE
r-oldrel-windows-ix86+x86_64 1.0.3 12.00 74.00 86.00 OK
r-oldrel-osx-x86_64 1.0.3 NOTE

Check Details

Version: 1.0.3
Check: dependencies in R code
Result: NOTE
    Namespace in Imports field not imported from: ‘tibble’
     All declared Imports should be used.
Flavors: r-devel-linux-x86_64-fedora-clang, r-devel-linux-x86_64-fedora-gcc, r-patched-solaris-x86, r-release-osx-x86_64, r-oldrel-osx-x86_64